{"text_format":"1","workbook":"xlsx","n_sheets":4,"sheets":["Calcul heures travail","Synthèse annuelle heures","Listes","Instructions"],"not_rendered":{"charts":0,"images":4,"macros":1,"external_links":0,"defined_names":1,"comments":0,"pivot_tables":0},"unopened":[],"bounds":{"document_bytes":16777216,"sheet_cells":100000,"rows_first":2000,"rows_last":500,"rows_between":2000,"halvings":0,"cell_chars":16384,"cell_head_chars":4096},"cells_cut":0,"cells_raw":0,"read":"whole","date_system":"1900"}

{"sheet":"Calcul heures travail","index":0,"n_rows":52,"n_cols":10,"rows_kept":52,"cut":false,"hidden":false,"merged":[[0,2,1,9],[13,4,13,5],[13,6,13,7]]}
[null,null,"Calcul des heures de travail"]
[]
[]
[]
["Nom Entreprise","Nom Entreprise",null,null,"EMPLOYE:","Prénom NOM"]
[]
["Année",null,"Mois",null,null,"Heure dues par semaine",null,null,"Report d'heures:"]
[null,null,"Numéro mois",{"$f":"IF($D$7=\"\",\"\",MONTH($D$7&\"1\"))","v":""},null,"Nombre de jours travaillés par semaine",null,null,"Dues par employé",{"$f":"$I$51","v":""}]
[null,null,"Nombre jours mois",{"$f":"IF(OR($B$7=\"\",$D$7=\"\",$D$8=\"\"),\"\",DAY(DATE($B$7,$D$8+1,1)-1))","v":""},null,"Heures dues par mois",{"$f":"IF(OR($G$7=\"\",$D$10=\"\"),\"Compléter heures dues / semaine et Année\",($G$7*52)/12)","v":"Compléter heures dues / semaine et Année"},null,"Dues par entreprise",{"$f":"$I$52","v":0}]
[null,null,"Nombre de jours ouvrés ",{"$f":"IF(OR($B$7=\"\",$D$7=\"\",$D$8=\"\"),\"\",NETWORKDAYS(DATE($B$7,$D$8,1),DATE($B$7,$D$8,$D$9),Listes!$G$7:$G$1000))","v":""},null,"Heures dues par jour",{"$f":"IF(OR($G$9=\"\",$G$9=\"Compléter heures dues / semaine et Année\", $D$10=\"\"),\"\",$G$9/$D$10)","v":""}]
[]
["Jour férié",null,"Week-end"]
[]
[null,null,null,null,"Matin",null,"Après-midi"]
["Semaine","Jour","Jour ","Mois","Arrivée","Départ","Arrivée","Départ","Totaux journaliers","Heures supplémentaires"]
[{"$f":"IF(OR($B$7=\"\",$D$7=\"\",$D$8=\"\",$C16=\"\"),\"\",_xlfn.ISOWEEKNUM(DATE($B$7,$D$8,$C16)))","v":""},{"$f":"IF(OR($B$7=\"\",$D$7=\"\",$D$8=\"\",$C16=\"\"),\"\",TEXT(DATE($B$7,$D$8,$C16),\"dddd\"))","v":""},{"$f":"IF(OR($B$7=\"\",$D$7=\"\",$D$8=\"\"),\"\",DAY(DATE($B$7,$D$8+1,1)-1)-DAY(DATE($B$7,$D$8+1,1)-1)+1)","v":""},{"$f":"IF(OR($D$7=\"\",$C16=\"\"),\"\",$D$7)","v":""},null,null,null,null,{"$f":"IF($G$10=\"\",\"\",IF(OR(ISTEXT($G16),ISTEXT($H16),ISTEXT($E16),ISTEXT($F16)),(((COUNTIF($E16:$H16,Listes!$I$7)+COUNTIF($E16:$H16,Listes!$I$9)+COUNTIF($E16:$H16,Listes!$I$12))*$G$10)/4))+IF(OR(ISTEXT($F16),ISTEXT($E16)),\"0\",($F16-$E16)*24)+IF(OR(ISTEXT($H16),ISTEXT($G16)),\"0\",($H16-$G16)*24))","v":""},{"$f":"_xlfn.IFS(OR(I16=\"\",I16=\"Compléter G9\"),\"0,00\",I16>=$G$10,I16-$G$10,I16<$G$10,\"\")","v":"0,00"}]
[{"$f":"IF(OR($B$7=\"\",$D$7=\"\",$D$8=\"\",$C17=\"\"),\"\",_xlfn.ISOWEEKNUM(DATE($B$7,$D$8,$C17)))","v":""},{"$f":"IF(OR($B$7=\"\",$D$7=\"\",$D$8=\"\",$C17=\"\"),\"\",TEXT(DATE($B$7,$D$8,$C17),\"dddd\"))","v":""},{"$f":"_xlfn.IFS($C16=\"\",\"\",$C16<$D$9,$C16+1,$C16=$D$9,\"\")","v":""},{"$f":"IF(OR($D$7=\"\",$C17=\"\"),\"\",$D$7)","v":""},null,null,null,null,{"$f":"IF($G$10=\"\",\"\",IF(OR(ISTEXT($G17),ISTEXT($H17),ISTEXT($E17),ISTEXT($F17)),(((COUNTIF($E17:$H17,Listes!$I$7)+COUNTIF($E17:$H17,Listes!$I$9)+COUNTIF($E17:$H17,Listes!$I$12))*$G$10)/4))+IF(OR(ISTEXT($F17),ISTEXT($E17)),\"0\",($F17-$E17)*24)+IF(OR(ISTEXT($H17),ISTEXT($G17)),\"0\",($H17-$G17)*24))","v":""},{"$f":"_xlfn.IFS(OR(I17=\"\",I17=\"Compléter G9\"),\"0,00\",I17>=$G$10,I17-$G$10,I17<$G$10,\"\")","v":"0,00"}]
["","",{"$f":"_xlfn.IFS($C17=\"\",\"\",$C17<$D$9,$C17+1,$C17=$D$9,\"\")","v":""},"",null,null,null,null,{"$f":"IF($G$10=\"\",\"\",IF(OR(ISTEXT($G18),ISTEXT($H18),ISTEXT($E18),ISTEXT($F18)),(((COUNTIF($E18:$H18,Listes!$I$7)+COUNTIF($E18:$H18,Listes!$I$9)+COUNTIF($E18:$H18,Listes!$I$12))*$G$10)/4))+IF(OR(ISTEXT($F18),ISTEXT($E18)),\"0\",($F18-$E18)*24)+IF(OR(ISTEXT($H18),ISTEXT($G18)),\"0\",($H18-$G18)*24))","v":""},{"$f":"_xlfn.IFS(OR(I18=\"\",I18=\"Compléter G9\"),\"0,00\",I18>=$G$10,I18-$G$10,I18<$G$10,\"\")","v":"0,00"}]
["","",{"$f":"_xlfn.IFS($C18=\"\",\"\",$C18<$D$9,$C18+1,$C18=$D$9,\"\")","v":""},"",null,null,null,null,{"$f":"IF($G$10=\"\",\"\",IF(OR(ISTEXT($G19),ISTEXT($H19),ISTEXT($E19),ISTEXT($F19)),(((COUNTIF($E19:$H19,Listes!$I$7)+COUNTIF($E19:$H19,Listes!$I$9)+COUNTIF($E19:$H19,Listes!$I$12))*$G$10)/4))+IF(OR(ISTEXT($F19),ISTEXT($E19)),\"0\",($F19-$E19)*24)+IF(OR(ISTEXT($H19),ISTEXT($G19)),\"0\",($H19-$G19)*24))","v":""},{"$f":"_xlfn.IFS(OR(I19=\"\",I19=\"Compléter G9\"),\"0,00\",I19>=$G$10,I19-$G$10,I19<$G$10,\"\")","v":"0,00"}]
["","",{"$f":"_xlfn.IFS($C19=\"\",\"\",$C19<$D$9,$C19+1,$C19=$D$9,\"\")","v":""},"",null,null,null,null,{"$f":"IF($G$10=\"\",\"\",IF(OR(ISTEXT($G20),ISTEXT($H20),ISTEXT($E20),ISTEXT($F20)),(((COUNTIF($E20:$H20,Listes!$I$7)+COUNTIF($E20:$H20,Listes!$I$9)+COUNTIF($E20:$H20,Listes!$I$12))*$G$10)/4))+IF(OR(ISTEXT($F20),ISTEXT($E20)),\"0\",($F20-$E20)*24)+IF(OR(ISTEXT($H20),ISTEXT($G20)),\"0\",($H20-$G20)*24))","v":""},{"$f":"_xlfn.IFS(OR(I20=\"\",I20=\"Compléter G9\"),\"0,00\",I20>=$G$10,I20-$G$10,I20<$G$10,\"\")","v":"0,00"}]
["","",{"$f":"_xlfn.IFS($C20=\"\",\"\",$C20<$D$9,$C20+1,$C20=$D$9,\"\")","v":""},"",null,null,null,null,{"$f":"IF($G$10=\"\",\"\",IF(OR(ISTEXT($G21),ISTEXT($H21),ISTEXT($E21),ISTEXT($F21)),(((COUNTIF($E21:$H21,Listes!$I$7)+COUNTIF($E21:$H21,Listes!$I$9)+COUNTIF($E21:$H21,Listes!$I$12))*$G$10)/4))+IF(OR(ISTEXT($F21),ISTEXT($E21)),\"0\",($F21-$E21)*24)+IF(OR(ISTEXT($H21),ISTEXT($G21)),\"0\",($H21-$G21)*24))","v":""},{"$f":"_xlfn.IFS(OR(I21=\"\",I21=\"Compléter G9\"),\"0,00\",I21>=$G$10,I21-$G$10,I21<$G$10,\"\")","v":"0,00"}]
["","",{"$f":"_xlfn.IFS($C21=\"\",\"\",$C21<$D$9,$C21+1,$C21=$D$9,\"\")","v":""},"",null,null,null,null,{"$f":"IF($G$10=\"\",\"\",IF(OR(ISTEXT($G22),ISTEXT($H22),ISTEXT($E22),ISTEXT($F22)),(((COUNTIF($E22:$H22,Listes!$I$7)+COUNTIF($E22:$H22,Listes!$I$9)+COUNTIF($E22:$H22,Listes!$I$12))*$G$10)/4))+IF(OR(ISTEXT($F22),ISTEXT($E22)),\"0\",($F22-$E22)*24)+IF(OR(ISTEXT($H22),ISTEXT($G22)),\"0\",($H22-$G22)*24))","v":""},{"$f":"_xlfn.IFS(OR(I22=\"\",I22=\"Compléter G9\"),\"0,00\",I22>=$G$10,I22-$G$10,I22<$G$10,\"\")","v":"0,00"}]
["","",{"$f":"_xlfn.IFS($C22=\"\",\"\",$C22<$D$9,$C22+1,$C22=$D$9,\"\")","v":""},"",null,null,null,null,{"$f":"IF($G$10=\"\",\"\",IF(OR(ISTEXT($G23),ISTEXT($H23),ISTEXT($E23),ISTEXT($F23)),(((COUNTIF($E23:$H23,Listes!$I$7)+COUNTIF($E23:$H23,Listes!$I$9)+COUNTIF($E23:$H23,Listes!$I$12))*$G$10)/4))+IF(OR(ISTEXT($F23),ISTEXT($E23)),\"0\",($F23-$E23)*24)+IF(OR(ISTEXT($H23),ISTEXT($G23)),\"0\",($H23-$G23)*24))","v":""},{"$f":"_xlfn.IFS(OR(I23=\"\",I23=\"Compléter G9\"),\"0,00\",I23>=$G$10,I23-$G$10,I23<$G$10,\"\")","v":"0,00"}]
["","",{"$f":"_xlfn.IFS($C23=\"\",\"\",$C23<$D$9,$C23+1,$C23=$D$9,\"\")","v":""},"",null,null,null,null,{"$f":"IF($G$10=\"\",\"\",IF(OR(ISTEXT($G24),ISTEXT($H24),ISTEXT($E24),ISTEXT($F24)),(((COUNTIF($E24:$H24,Listes!$I$7)+COUNTIF($E24:$H24,Listes!$I$9)+COUNTIF($E24:$H24,Listes!$I$12))*$G$10)/4))+IF(OR(ISTEXT($F24),ISTEXT($E24)),\"0\",($F24-$E24)*24)+IF(OR(ISTEXT($H24),ISTEXT($G24)),\"0\",($H24-$G24)*24))","v":""},{"$f":"_xlfn.IFS(OR(I24=\"\",I24=\"Compléter G9\"),\"0,00\",I24>=$G$10,I24-$G$10,I24<$G$10,\"\")","v":"0,00"}]
["","",{"$f":"_xlfn.IFS($C24=\"\",\"\",$C24<$D$9,$C24+1,$C24=$D$9,\"\")","v":""},"",null,null,null,null,{"$f":"IF($G$10=\"\",\"\",IF(OR(ISTEXT($G25),ISTEXT($H25),ISTEXT($E25),ISTEXT($F25)),(((COUNTIF($E25:$H25,Listes!$I$7)+COUNTIF($E25:$H25,Listes!$I$9)+COUNTIF($E25:$H25,Listes!$I$12))*$G$10)/4))+IF(OR(ISTEXT($F25),ISTEXT($E25)),\"0\",($F25-$E25)*24)+IF(OR(ISTEXT($H25),ISTEXT($G25)),\"0\",($H25-$G25)*24))","v":""},{"$f":"_xlfn.IFS(OR(I25=\"\",I25=\"Compléter G9\"),\"0,00\",I25>=$G$10,I25-$G$10,I25<$G$10,\"\")","v":"0,00"}]
["","",{"$f":"_xlfn.IFS($C25=\"\",\"\",$C25<$D$9,$C25+1,$C25=$D$9,\"\")","v":""},"",null,null,null,null,{"$f":"IF($G$10=\"\",\"\",IF(OR(ISTEXT($G26),ISTEXT($H26),ISTEXT($E26),ISTEXT($F26)),(((COUNTIF($E26:$H26,Listes!$I$7)+COUNTIF($E26:$H26,Listes!$I$9)+COUNTIF($E26:$H26,Listes!$I$12))*$G$10)/4))+IF(OR(ISTEXT($F26),ISTEXT($E26)),\"0\",($F26-$E26)*24)+IF(OR(ISTEXT($H26),ISTEXT($G26)),\"0\",($H26-$G26)*24))","v":""},{"$f":"_xlfn.IFS(OR(I26=\"\",I26=\"Compléter G9\"),\"0,00\",I26>=$G$10,I26-$G$10,I26<$G$10,\"\")","v":"0,00"}]
["","",{"$f":"_xlfn.IFS($C26=\"\",\"\",$C26<$D$9,$C26+1,$C26=$D$9,\"\")","v":""},"",null,null,null,null,{"$f":"IF($G$10=\"\",\"\",IF(OR(ISTEXT($G27),ISTEXT($H27),ISTEXT($E27),ISTEXT($F27)),(((COUNTIF($E27:$H27,Listes!$I$7)+COUNTIF($E27:$H27,Listes!$I$9)+COUNTIF($E27:$H27,Listes!$I$12))*$G$10)/4))+IF(OR(ISTEXT($F27),ISTEXT($E27)),\"0\",($F27-$E27)*24)+IF(OR(ISTEXT($H27),ISTEXT($G27)),\"0\",($H27-$G27)*24))","v":""},{"$f":"_xlfn.IFS(OR(I27=\"\",I27=\"Compléter G9\"),\"0,00\",I27>=$G$10,I27-$G$10,I27<$G$10,\"\")","v":"0,00"}]
["","",{"$f":"_xlfn.IFS($C27=\"\",\"\",$C27<$D$9,$C27+1,$C27=$D$9,\"\")","v":""},"",null,null,null,null,{"$f":"IF($G$10=\"\",\"\",IF(OR(ISTEXT($G28),ISTEXT($H28),ISTEXT($E28),ISTEXT($F28)),(((COUNTIF($E28:$H28,Listes!$I$7)+COUNTIF($E28:$H28,Listes!$I$9)+COUNTIF($E28:$H28,Listes!$I$12))*$G$10)/4))+IF(OR(ISTEXT($F28),ISTEXT($E28)),\"0\",($F28-$E28)*24)+IF(OR(ISTEXT($H28),ISTEXT($G28)),\"0\",($H28-$G28)*24))","v":""},{"$f":"_xlfn.IFS(OR(I28=\"\",I28=\"Compléter G9\"),\"0,00\",I28>=$G$10,I28-$G$10,I28<$G$10,\"\")","v":"0,00"}]
["","",{"$f":"_xlfn.IFS($C28=\"\",\"\",$C28<$D$9,$C28+1,$C28=$D$9,\"\")","v":""},"",null,null,null,null,{"$f":"IF($G$10=\"\",\"\",IF(OR(ISTEXT($G29),ISTEXT($H29),ISTEXT($E29),ISTEXT($F29)),(((COUNTIF($E29:$H29,Listes!$I$7)+COUNTIF($E29:$H29,Listes!$I$9)+COUNTIF($E29:$H29,Listes!$I$12))*$G$10)/4))+IF(OR(ISTEXT($F29),ISTEXT($E29)),\"0\",($F29-$E29)*24)+IF(OR(ISTEXT($H29),ISTEXT($G29)),\"0\",($H29-$G29)*24))","v":""},{"$f":"_xlfn.IFS(OR(I29=\"\",I29=\"Compléter G9\"),\"0,00\",I29>=$G$10,I29-$G$10,I29<$G$10,\"\")","v":"0,00"}]
["","",{"$f":"_xlfn.IFS($C29=\"\",\"\",$C29<$D$9,$C29+1,$C29=$D$9,\"\")","v":""},"",null,null,null,null,{"$f":"IF($G$10=\"\",\"\",IF(OR(ISTEXT($G30),ISTEXT($H30),ISTEXT($E30),ISTEXT($F30)),(((COUNTIF($E30:$H30,Listes!$I$7)+COUNTIF($E30:$H30,Listes!$I$9)+COUNTIF($E30:$H30,Listes!$I$12))*$G$10)/4))+IF(OR(ISTEXT($F30),ISTEXT($E30)),\"0\",($F30-$E30)*24)+IF(OR(ISTEXT($H30),ISTEXT($G30)),\"0\",($H30-$G30)*24))","v":""},{"$f":"_xlfn.IFS(OR(I30=\"\",I30=\"Compléter G9\"),\"0,00\",I30>=$G$10,I30-$G$10,I30<$G$10,\"\")","v":"0,00"}]
["","",{"$f":"_xlfn.IFS($C30=\"\",\"\",$C30<$D$9,$C30+1,$C30=$D$9,\"\")","v":""},"",null,null,null,null,{"$f":"IF($G$10=\"\",\"\",IF(OR(ISTEXT($G31),ISTEXT($H31),ISTEXT($E31),ISTEXT($F31)),(((COUNTIF($E31:$H31,Listes!$I$7)+COUNTIF($E31:$H31,Listes!$I$9)+COUNTIF($E31:$H31,Listes!$I$12))*$G$10)/4))+IF(OR(ISTEXT($F31),ISTEXT($E31)),\"0\",($F31-$E31)*24)+IF(OR(ISTEXT($H31),ISTEXT($G31)),\"0\",($H31-$G31)*24))","v":""},{"$f":"_xlfn.IFS(OR(I31=\"\",I31=\"Compléter G9\"),\"0,00\",I31>=$G$10,I31-$G$10,I31<$G$10,\"\")","v":"0,00"}]
["","",{"$f":"_xlfn.IFS($C31=\"\",\"\",$C31<$D$9,$C31+1,$C31=$D$9,\"\")","v":""},"",null,null,null,null,{"$f":"IF($G$10=\"\",\"\",IF(OR(ISTEXT($G32),ISTEXT($H32),ISTEXT($E32),ISTEXT($F32)),(((COUNTIF($E32:$H32,Listes!$I$7)+COUNTIF($E32:$H32,Listes!$I$9)+COUNTIF($E32:$H32,Listes!$I$12))*$G$10)/4))+IF(OR(ISTEXT($F32),ISTEXT($E32)),\"0\",($F32-$E32)*24)+IF(OR(ISTEXT($H32),ISTEXT($G32)),\"0\",($H32-$G32)*24))","v":""},{"$f":"_xlfn.IFS(OR(I32=\"\",I32=\"Compléter G9\"),\"0,00\",I32>=$G$10,I32-$G$10,I32<$G$10,\"\")","v":"0,00"}]
["","",{"$f":"_xlfn.IFS($C32=\"\",\"\",$C32<$D$9,$C32+1,$C32=$D$9,\"\")","v":""},"",null,null,null,null,{"$f":"IF($G$10=\"\",\"\",IF(OR(ISTEXT($G33),ISTEXT($H33),ISTEXT($E33),ISTEXT($F33)),(((COUNTIF($E33:$H33,Listes!$I$7)+COUNTIF($E33:$H33,Listes!$I$9)+COUNTIF($E33:$H33,Listes!$I$12))*$G$10)/4))+IF(OR(ISTEXT($F33),ISTEXT($E33)),\"0\",($F33-$E33)*24)+IF(OR(ISTEXT($H33),ISTEXT($G33)),\"0\",($H33-$G33)*24))","v":""},{"$f":"_xlfn.IFS(OR(I33=\"\",I33=\"Compléter G9\"),\"0,00\",I33>=$G$10,I33-$G$10,I33<$G$10,\"\")","v":"0,00"}]
["","",{"$f":"_xlfn.IFS($C33=\"\",\"\",$C33<$D$9,$C33+1,$C33=$D$9,\"\")","v":""},"",null,null,null,null,{"$f":"IF($G$10=\"\",\"\",IF(OR(ISTEXT($G34),ISTEXT($H34),ISTEXT($E34),ISTEXT($F34)),(((COUNTIF($E34:$H34,Listes!$I$7)+COUNTIF($E34:$H34,Listes!$I$9)+COUNTIF($E34:$H34,Listes!$I$12))*$G$10)/4))+IF(OR(ISTEXT($F34),ISTEXT($E34)),\"0\",($F34-$E34)*24)+IF(OR(ISTEXT($H34),ISTEXT($G34)),\"0\",($H34-$G34)*24))","v":""},{"$f":"_xlfn.IFS(OR(I34=\"\",I34=\"Compléter G9\"),\"0,00\",I34>=$G$10,I34-$G$10,I34<$G$10,\"\")","v":"0,00"}]
["","",{"$f":"_xlfn.IFS($C34=\"\",\"\",$C34<$D$9,$C34+1,$C34=$D$9,\"\")","v":""},"",null,null,null,null,{"$f":"IF($G$10=\"\",\"\",IF(OR(ISTEXT($G35),ISTEXT($H35),ISTEXT($E35),ISTEXT($F35)),(((COUNTIF($E35:$H35,Listes!$I$7)+COUNTIF($E35:$H35,Listes!$I$9)+COUNTIF($E35:$H35,Listes!$I$12))*$G$10)/4))+IF(OR(ISTEXT($F35),ISTEXT($E35)),\"0\",($F35-$E35)*24)+IF(OR(ISTEXT($H35),ISTEXT($G35)),\"0\",($H35-$G35)*24))","v":""},{"$f":"_xlfn.IFS(OR(I35=\"\",I35=\"Compléter G9\"),\"0,00\",I35>=$G$10,I35-$G$10,I35<$G$10,\"\")","v":"0,00"}]
["","",{"$f":"_xlfn.IFS($C35=\"\",\"\",$C35<$D$9,$C35+1,$C35=$D$9,\"\")","v":""},"",null,null,null,null,{"$f":"IF($G$10=\"\",\"\",IF(OR(ISTEXT($G36),ISTEXT($H36),ISTEXT($E36),ISTEXT($F36)),(((COUNTIF($E36:$H36,Listes!$I$7)+COUNTIF($E36:$H36,Listes!$I$9)+COUNTIF($E36:$H36,Listes!$I$12))*$G$10)/4))+IF(OR(ISTEXT($F36),ISTEXT($E36)),\"0\",($F36-$E36)*24)+IF(OR(ISTEXT($H36),ISTEXT($G36)),\"0\",($H36-$G36)*24))","v":""},{"$f":"_xlfn.IFS(OR(I36=\"\",I36=\"Compléter G9\"),\"0,00\",I36>=$G$10,I36-$G$10,I36<$G$10,\"\")","v":"0,00"}]
["","",{"$f":"_xlfn.IFS($C36=\"\",\"\",$C36<$D$9,$C36+1,$C36=$D$9,\"\")","v":""},"",null,null,null,null,{"$f":"IF($G$10=\"\",\"\",IF(OR(ISTEXT($G37),ISTEXT($H37),ISTEXT($E37),ISTEXT($F37)),(((COUNTIF($E37:$H37,Listes!$I$7)+COUNTIF($E37:$H37,Listes!$I$9)+COUNTIF($E37:$H37,Listes!$I$12))*$G$10)/4))+IF(OR(ISTEXT($F37),ISTEXT($E37)),\"0\",($F37-$E37)*24)+IF(OR(ISTEXT($H37),ISTEXT($G37)),\"0\",($H37-$G37)*24))","v":""},{"$f":"_xlfn.IFS(OR(I37=\"\",I37=\"Compléter G9\"),\"0,00\",I37>=$G$10,I37-$G$10,I37<$G$10,\"\")","v":"0,00"}]
["","",{"$f":"_xlfn.IFS($C37=\"\",\"\",$C37<$D$9,$C37+1,$C37=$D$9,\"\")","v":""},"",null,null,null,null,{"$f":"IF($G$10=\"\",\"\",IF(OR(ISTEXT($G38),ISTEXT($H38),ISTEXT($E38),ISTEXT($F38)),(((COUNTIF($E38:$H38,Listes!$I$7)+COUNTIF($E38:$H38,Listes!$I$9)+COUNTIF($E38:$H38,Listes!$I$12))*$G$10)/4))+IF(OR(ISTEXT($F38),ISTEXT($E38)),\"0\",($F38-$E38)*24)+IF(OR(ISTEXT($H38),ISTEXT($G38)),\"0\",($H38-$G38)*24))","v":""},{"$f":"_xlfn.IFS(OR(I38=\"\",I38=\"Compléter G9\"),\"0,00\",I38>=$G$10,I38-$G$10,I38<$G$10,\"\")","v":"0,00"}]
["","",{"$f":"_xlfn.IFS($C38=\"\",\"\",$C38<$D$9,$C38+1,$C38=$D$9,\"\")","v":""},"",null,null,null,null,{"$f":"IF($G$10=\"\",\"\",IF(OR(ISTEXT($G39),ISTEXT($H39),ISTEXT($E39),ISTEXT($F39)),(((COUNTIF($E39:$H39,Listes!$I$7)+COUNTIF($E39:$H39,Listes!$I$9)+COUNTIF($E39:$H39,Listes!$I$12))*$G$10)/4))+IF(OR(ISTEXT($F39),ISTEXT($E39)),\"0\",($F39-$E39)*24)+IF(OR(ISTEXT($H39),ISTEXT($G39)),\"0\",($H39-$G39)*24))","v":""},{"$f":"_xlfn.IFS(OR(I39=\"\",I39=\"Compléter G9\"),\"0,00\",I39>=$G$10,I39-$G$10,I39<$G$10,\"\")","v":"0,00"}]
["","",{"$f":"_xlfn.IFS($C39=\"\",\"\",$C39<$D$9,$C39+1,$C39=$D$9,\"\")","v":""},"",null,null,null,null,{"$f":"IF($G$10=\"\",\"\",IF(OR(ISTEXT($G40),ISTEXT($H40),ISTEXT($E40),ISTEXT($F40)),(((COUNTIF($E40:$H40,Listes!$I$7)+COUNTIF($E40:$H40,Listes!$I$9)+COUNTIF($E40:$H40,Listes!$I$12))*$G$10)/4))+IF(OR(ISTEXT($F40),ISTEXT($E40)),\"0\",($F40-$E40)*24)+IF(OR(ISTEXT($H40),ISTEXT($G40)),\"0\",($H40-$G40)*24))","v":""},{"$f":"_xlfn.IFS(OR(I40=\"\",I40=\"Compléter G9\"),\"0,00\",I40>=$G$10,I40-$G$10,I40<$G$10,\"\")","v":"0,00"}]
["","",{"$f":"_xlfn.IFS($C40=\"\",\"\",$C40<$D$9,$C40+1,$C40=$D$9,\"\")","v":""},"",null,null,null,null,{"$f":"IF($G$10=\"\",\"\",IF(OR(ISTEXT($G41),ISTEXT($H41),ISTEXT($E41),ISTEXT($F41)),(((COUNTIF($E41:$H41,Listes!$I$7)+COUNTIF($E41:$H41,Listes!$I$9)+COUNTIF($E41:$H41,Listes!$I$12))*$G$10)/4))+IF(OR(ISTEXT($F41),ISTEXT($E41)),\"0\",($F41-$E41)*24)+IF(OR(ISTEXT($H41),ISTEXT($G41)),\"0\",($H41-$G41)*24))","v":""},{"$f":"_xlfn.IFS(OR(I41=\"\",I41=\"Compléter G9\"),\"0,00\",I41>=$G$10,I41-$G$10,I41<$G$10,\"\")","v":"0,00"}]
["","",{"$f":"_xlfn.IFS($C41=\"\",\"\",$C41<$D$9,$C41+1,$C41=$D$9,\"\")","v":""},"",null,null,null,null,{"$f":"IF($G$10=\"\",\"\",IF(OR(ISTEXT($G42),ISTEXT($H42),ISTEXT($E42),ISTEXT($F42)),(((COUNTIF($E42:$H42,Listes!$I$7)+COUNTIF($E42:$H42,Listes!$I$9)+COUNTIF($E42:$H42,Listes!$I$12))*$G$10)/4))+IF(OR(ISTEXT($F42),ISTEXT($E42)),\"0\",($F42-$E42)*24)+IF(OR(ISTEXT($H42),ISTEXT($G42)),\"0\",($H42-$G42)*24))","v":""},{"$f":"_xlfn.IFS(OR(I42=\"\",I42=\"Compléter G9\"),\"0,00\",I42>=$G$10,I42-$G$10,I42<$G$10,\"\")","v":"0,00"}]
["","",{"$f":"_xlfn.IFS($C42=\"\",\"\",$C42<$D$9,$C42+1,$C42=$D$9,\"\")","v":""},"",null,null,null,null,{"$f":"IF($G$10=\"\",\"\",IF(OR(ISTEXT($G43),ISTEXT($H43),ISTEXT($E43),ISTEXT($F43)),(((COUNTIF($E43:$H43,Listes!$I$7)+COUNTIF($E43:$H43,Listes!$I$9)+COUNTIF($E43:$H43,Listes!$I$12))*$G$10)/4))+IF(OR(ISTEXT($F43),ISTEXT($E43)),\"0\",($F43-$E43)*24)+IF(OR(ISTEXT($H43),ISTEXT($G43)),\"0\",($H43-$G43)*24))","v":""},{"$f":"_xlfn.IFS(OR(I43=\"\",I43=\"Compléter G9\"),\"0,00\",I43>=$G$10,I43-$G$10,I43<$G$10,\"\")","v":"0,00"}]
["","",{"$f":"_xlfn.IFS($C43=\"\",\"\",$C43<$D$9,$C43+1,$C43=$D$9,\"\")","v":""},"",null,null,null,null,{"$f":"IF($G$10=\"\",\"\",IF(OR(ISTEXT($G44),ISTEXT($H44),ISTEXT($E44),ISTEXT($F44)),(((COUNTIF($E44:$H44,Listes!$I$7)+COUNTIF($E44:$H44,Listes!$I$9)+COUNTIF($E44:$H44,Listes!$I$12))*$G$10)/4))+IF(OR(ISTEXT($F44),ISTEXT($E44)),\"0\",($F44-$E44)*24)+IF(OR(ISTEXT($H44),ISTEXT($G44)),\"0\",($H44-$G44)*24))","v":""},{"$f":"_xlfn.IFS(OR(I44=\"\",I44=\"Compléter G9\"),\"0,00\",I44>=$G$10,I44-$G$10,I44<$G$10,\"\")","v":"0,00"}]
["","",{"$f":"_xlfn.IFS($C44=\"\",\"\",$C44<$D$9,$C44+1,$C44=$D$9,\"\")","v":""},"",null,null,null,null,{"$f":"IF($G$10=\"\",\"\",IF(OR(ISTEXT($G45),ISTEXT($H45),ISTEXT($E45),ISTEXT($F45)),(((COUNTIF($E45:$H45,Listes!$I$7)+COUNTIF($E45:$H45,Listes!$I$9)+COUNTIF($E45:$H45,Listes!$I$12))*$G$10)/4))+IF(OR(ISTEXT($F45),ISTEXT($E45)),\"0\",($F45-$E45)*24)+IF(OR(ISTEXT($H45),ISTEXT($G45)),\"0\",($H45-$G45)*24))","v":""},{"$f":"_xlfn.IFS(OR(I45=\"\",I45=\"Compléter G9\"),\"0,00\",I45>=$G$10,I45-$G$10,I45<$G$10,\"\")","v":"0,00"}]
["","",{"$f":"_xlfn.IFS($C45=\"\",\"\",$C45<$D$9,$C45+1,$C45=$D$9,\"\")","v":""},"",null,null,null,null,{"$f":"IF($G$10=\"\",\"\",IF(OR(ISTEXT($G46),ISTEXT($H46),ISTEXT($E46),ISTEXT($F46)),(((COUNTIF($E46:$H46,Listes!$I$7)+COUNTIF($E46:$H46,Listes!$I$9)+COUNTIF($E46:$H46,Listes!$I$12))*$G$10)/4))+IF(OR(ISTEXT($F46),ISTEXT($E46)),\"0\",($F46-$E46)*24)+IF(OR(ISTEXT($H46),ISTEXT($G46)),\"0\",($H46-$G46)*24))","v":""},{"$f":"_xlfn.IFS(OR(I46=\"\",I46=\"Compléter G9\"),\"0,00\",I46>=$G$10,I46-$G$10,I46<$G$10,\"\")","v":"0,00"}]
[null,null,{"$f":"_xlfn.IFS(C46=\"\",\"\",C46<$D$9,C46+1,C46=$D$9,\"\")","v":""},null,null,null,"Pour ce mois: ","Total heures effectuées",{"$f":"SUM(I16:I46)","v":0}]
[null,null,null,null,null,null,null,"Heures dues par mois",{"$f":"$G$9","v":"Compléter heures dues / semaine et Année"},"Reste à effectuer"]
[null,null,null,null,null,null,null,"Différence d'heures",{"$f":"IF(OR($I$47=\"\",$I$48=\"\",$I$48=\"Compléter heures dues / semaine et Année\"),\"\",$I$48-$I$47)","v":""},{"$f":"IF(OR($I$47=0,$I$47=\"\",$I$49=\"\"),\"\",$I$49/$I$47)","v":""}]
[]
[null,null,null,null,null,null,"Solde d'heures:","Dues par l'employé",{"$f":"_xlfn.IFS(OR($I$47=\"\",$I$48=\"\",$I$48=\"Compléter heures dues / semaine et Année\"),\"\",$I$47<=$I$48,$I$48-$I$47,$I$47>=$I$48,\"0\")","v":""}]
[null,null,null,null,null,null,null,"Dues par l'entreprise",{"$f":"_xlfn.IFS(OR($I$47=\"\",$I$48=\"\"),\"\",$I$47>$I$48,$I$47-$I$48,$I$47<$I$48,0,$I$47=$I$48,0)","v":0}]

{"sheet":"Synthèse annuelle heures","index":1,"n_rows":5,"n_cols":9,"rows_kept":5,"cut":false,"hidden":false,"merged":[[0,2,2,7]]}
[null,null,"Récapitulatif des heures de travail"]
[]
[]
[]
["Année","Mois","Entreprise","Employé","Total heures effectuées par employé","Heures dues par mois","Heures dues par employé","Heure dues par entreprise","Reste à effectuer"]

{"sheet":"Listes","index":2,"n_rows":853,"n_cols":10,"rows_kept":853,"cut":false,"hidden":true,"merged":[[5,5,5,6],[0,3,3,8]]}
[null,null,null,"Listes "]
[]
[]
[]
[]
[null,"Années",null,"Mois",null,"Jours fériés",null,null,"heure matin","heure après-midi"]
[null,2022,null,"Janvier",null,"Jour de l'an",{"$f":"DATE('Calcul heures travail'!$B$7,1,1)","v":"1900-01-01"},null,"ABSENCE AUTORISEE","ABSENCE AUTORISEE"]
[null,{"$f":"B7+1","v":2023},null,"Février",null,"Lundi de Pâques",{"$f":"IF('Calcul heures travail'!B7=\"\",\"Entrer année\",(FLOOR(DAY(MINUTE('Calcul heures travail'!$B$7/38)/2+56)&\"/5/\"&'Calcul heures travail'!$B$7,7)-34)+1)","v":"Entrer année"},null,"ABSENCE NON AUTORISEE","ABSENCE NON AUTORISEE"]
[null,{"$f":"B8+1","v":2024},null,"Mars",null,"Fête du travail",{"$f":"DATE('Calcul heures travail'!$B$7,5,1)","v":"1900-05-01"},null,"CONGE PAYE","CONGE PAYE"]
[null,2025,null,"Avril",null,"Victoire de 1945",{"$f":"DATE('Calcul heures travail'!$B$7,5,8)","v":"1900-05-08"},null,"MALADIE","MALADIE"]
[null,2026,null,"Mai",null,"Ascension",{"$f":"IF($G$8=\"Entrer année\",\"Entrer année\",(FLOOR(DAY(MINUTE('Calcul heures travail'!$B$7/38)/2+56)&\"/5/\"&'Calcul heures travail'!$B$7,7)-34)+39)","v":"Entrer année"},null,"SANS SOLDE","SANS SOLDE"]
[null,2027,null,"Juin",null,"Lundi de Pentecôte",{"$f":"IF($G$8=\"Entrer année\",\"Entrer année\",(FLOOR(DAY(MINUTE('Calcul heures travail'!$B$7/38)/2+56)&\"/5/\"&'Calcul heures travail'!$B$7,7)-34)+50)","v":"Entrer année"},null,"RTT","RTT"]
[null,2028,null,"Juillet",null,"Fête nationale",{"$f":"DATE('Calcul heures travail'!$B$7,7,14)","v":"1900-07-14"},null,0,0.5]
[null,2029,null,"Août",null,"Assomption",{"$f":"DATE('Calcul heures travail'!$B$7,8,15)","v":"1900-08-15"},null,{"$f":"I13+1/1440","v":6.9444444444444447E-4},{"$f":"J13+1/1440","v":0.50069444444444444}]
[null,2030,null,"Septembre",null,"Toussaint",{"$f":"DATE('Calcul heures travail'!$B$7,11,1)","v":"1900-11-01"},null,{"$f":"I14+1/1440","v":1.3888888888888889E-3},0.50138888888888888]
[null,2031,null,"Octobre",null,"Armistice",{"$f":"DATE('Calcul heures travail'!$B$7,11,11)","v":"1900-11-11"},null,{"$f":"I15+1/1440","v":2.0833333333333333E-3},0.50208333333333333]
[null,2032,null,"Novembre",null,"Nöel",{"$f":"DATE('Calcul heures travail'!$B$7,12,25)","v":"1900-12-25"},null,2.7777777777777779E-3,0.50277777777777777]
[null,2033,null,"Décembre",null,null,null,null,3.4722222222222225E-3,0.50347222222222221]
[null,2034,null,null,null,null,null,null,4.1666666666666666E-3,0.50416666666666665]
[null,2035,null,null,null,null,null,null,4.8611111111111112E-3,0.50486111111111109]
[null,2036,null,null,null,null,null,null,5.5555555555555558E-3,0.50555555555555554]
[null,2037,null,null,null,null,null,null,6.2500000000000003E-3,0.50624999999999998]
[null,2038,null,null,null,null,null,null,6.9444444444444449E-3,0.50694444444444442]
[null,2039,null,null,null,null,null,null,7.6388888888888895E-3,0.50763888888888886]
[null,2040,null,null,null,null,null,null,8.3333333333333332E-3,0.5083333333333333]
[null,2041,null,null,null,null,null,null,9.0277777777777769E-3,0.50902777777777775]
[null,2042,null,null,null,null,null,null,9.7222222222222206E-3,0.50972222222222219]
[null,2043,null,null,null,null,null,null,1.0416666666666664E-2,0.51041666666666663]
[null,{"$f":"B28+1","v":2044},null,null,null,null,null,null,1.1111111111111108E-2,0.51111111111111107]
[null,2045,null,null,null,null,null,null,1.1805555555555552E-2,0.51180555555555551]
[null,2046,null,null,null,null,null,null,1.2499999999999995E-2,0.51249999999999996]
[null,2047,null,null,null,null,null,null,1.3194444444444439E-2,0.5131944444444444]
[null,2048,null,null,null,null,null,null,1.3888888888888883E-2,0.51388888888888884]
[null,2049,null,null,null,null,null,null,1.4583333333333327E-2,0.51458333333333328]
[null,2050,null,null,null,null,null,null,1.527777777777777E-2,0.51527777777777772]
[null,2051,null,null,null,null,null,null,1.5972222222222214E-2,0.51597222222222217]
[null,2052,null,null,null,null,null,null,1.6666666666666659E-2,0.51666666666666661]
[null,{"$f":"B37+1","v":2053},null,null,null,null,null,null,1.7361111111111105E-2,0.51736111111111105]
[null,2054,null,null,null,null,null,null,1.805555555555555E-2,0.51805555555555549]
[null,2055,null,null,null,null,null,null,1.8749999999999996E-2,0.51874999999999993]
[null,{"$f":"B40+1","v":2056},null,null,null,null,null,null,1.9444444444444441E-2,0.51944444444444438]
[null,{"$f":"B41+1","v":2057},null,null,null,null,null,null,2.0138888888888887E-2,0.52013888888888882]
[null,{"$f":"B42+1","v":2058},null,null,null,null,null,null,2.0833333333333332E-2,0.52083333333333326]
[null,{"$f":"B43+1","v":2059},null,null,null,null,null,null,2.1527777777777778E-2,0.5215277777777777]
[null,{"$f":"B44+1","v":2060},null,null,null,null,null,null,2.2222222222222223E-2,0.52222222222222214]
[null,{"$f":"B45+1","v":2061},null,null,null,null,null,null,2.2916666666666669E-2,0.52291666666666659]
[null,2062,null,null,null,null,null,null,2.3611111111111114E-2,0.52361111111111103]
[null,2063,null,null,null,null,null,null,2.4305555555555559E-2,0.52430555555555547]
[null,2064,null,null,null,null,null,null,2.5000000000000005E-2,0.52499999999999991]
[null,2065,null,null,null,null,null,null,2.569444444444445E-2,0.52569444444444435]
[null,2066,null,null,null,null,null,null,2.6388888888888896E-2,0.5263888888888888]
[null,2067,null,null,null,null,null,null,2.7083333333333341E-2,0.52708333333333324]
[null,2068,null,null,null,null,null,null,2.7777777777777787E-2,0.52777777777777768]
[null,2069,null,null,null,null,null,null,2.8472222222222232E-2,0.52847222222222212]
[null,2070,null,null,null,null,null,null,2.9166666666666678E-2,0.52916666666666656]
[null,2071,null,null,null,null,null,null,2.9861111111111123E-2,0.52986111111111101]
[null,2072,null,null,null,null,null,null,3.0555555555555568E-2,0.53055555555555545]
[null,2073,null,null,null,null,null,null,3.1250000000000014E-2,0.53124999999999989]
[null,2074,null,null,null,null,null,null,3.1944444444444456E-2,0.53194444444444433]
[null,2075,null,null,null,null,null,null,3.2638888888888898E-2,0.53263888888888877]
[null,2076,null,null,null,null,null,null,3.333333333333334E-2,0.53333333333333321]
[null,2077,null,null,null,null,null,null,3.4027777777777782E-2,0.53402777777777766]
[null,2078,null,null,null,null,null,null,3.4722222222222224E-2,0.5347222222222221]
[null,2079,null,null,null,null,null,null,3.5416666666666666E-2,0.53541666666666654]
[null,2080,null,null,null,null,null,null,3.6111111111111108E-2,0.53611111111111098]
[null,2081,null,null,null,null,null,null,3.680555555555555E-2,0.53680555555555542]
[null,2082,null,null,null,null,null,null,3.7499999999999992E-2,0.53749999999999987]
[null,{"$f":"B67+1","v":2083},null,null,null,null,null,null,3.8194444444444434E-2,0.53819444444444431]
[null,2084,null,null,null,null,null,null,3.8888888888888876E-2,0.53888888888888875]
[null,2085,null,null,null,null,null,null,3.9583333333333318E-2,0.53958333333333319]
[null,2086,null,null,null,null,null,null,4.027777777777776E-2,0.54027777777777763]
[null,2087,null,null,null,null,null,null,4.0972222222222202E-2,0.54097222222222208]
[null,2088,null,null,null,null,null,null,4.1666666666666644E-2,0.54166666666666652]
[null,2089,null,null,null,null,null,null,4.2361111111111086E-2,0.54236111111111096]
[null,2090,null,null,null,null,null,null,4.3055555555555527E-2,0.5430555555555554]
[null,2091,null,null,null,null,null,null,4.3749999999999969E-2,0.54374999999999984]
[null,2092,null,null,null,null,null,null,4.4444444444444411E-2,0.54444444444444429]
[null,2093,null,null,null,null,null,null,4.5138888888888853E-2,0.54513888888888873]
[null,{"$f":"B78+1","v":2094},null,null,null,null,null,null,4.5833333333333295E-2,0.54583333333333317]
[null,2095,null,null,null,null,null,null,{"$f":"I79+1/1440","v":4.6527777777777737E-2},0.54652777777777761]
[null,2096,null,null,null,null,null,null,4.7222222222222179E-2,0.54722222222222205]
[null,2097,null,null,null,null,null,null,4.7916666666666621E-2,0.5479166666666665]
[null,2098,null,null,null,null,null,null,4.8611111111111063E-2,0.54861111111111094]
[null,2099,null,null,null,null,null,null,4.9305555555555505E-2,0.54930555555555538]
[null,2100,null,null,null,null,null,null,4.9999999999999947E-2,0.54999999999999982]
[null,null,null,null,null,null,null,null,5.0694444444444389E-2,0.55069444444444426]
[null,null,null,null,null,null,null,null,5.1388888888888831E-2,0.55138888888888871]
[null,null,null,null,null,null,null,null,5.2083333333333273E-2,0.55208333333333315]
[null,null,null,null,null,null,null,null,5.2777777777777715E-2,0.55277777777777759]
[null,null,null,null,null,null,null,null,5.3472222222222157E-2,0.55347222222222203]
[null,null,null,null,null,null,null,null,5.4166666666666599E-2,0.55416666666666647]
[null,null,null,null,null,null,null,null,5.4861111111111041E-2,0.55486111111111092]
[null,null,null,null,null,null,null,null,5.5555555555555483E-2,0.55555555555555536]
[null,null,null,null,null,null,null,null,5.6249999999999925E-2,0.5562499999999998]
[null,null,null,null,null,null,null,null,5.6944444444444367E-2,0.55694444444444424]
[null,null,null,null,null,null,null,null,5.7638888888888809E-2,0.55763888888888868]
[null,null,null,null,null,null,null,null,5.8333333333333251E-2,0.55833333333333313]
[null,null,null,null,null,null,null,null,5.9027777777777693E-2,0.55902777777777757]
[null,null,null,null,null,null,null,null,5.9722222222222135E-2,0.55972222222222201]
[null,null,null,null,null,null,null,null,6.0416666666666577E-2,0.56041666666666645]
[null,null,null,null,null,null,null,null,6.1111111111111019E-2,0.56111111111111089]
[null,null,null,null,null,null,null,null,6.1805555555555461E-2,0.56180555555555534]
[null,null,null,null,null,null,null,null,6.2499999999999903E-2,0.56249999999999978]
[null,null,null,null,null,null,null,null,6.3194444444444345E-2,0.56319444444444422]
[null,null,null,null,null,null,null,null,6.3888888888888787E-2,0.56388888888888866]
[null,null,null,null,null,null,null,null,6.4583333333333229E-2,0.5645833333333331]
[null,null,null,null,null,null,null,null,6.5277777777777671E-2,0.56527777777777755]
[null,null,null,null,null,null,null,null,6.5972222222222113E-2,0.56597222222222199]
[null,null,null,null,null,null,null,null,6.6666666666666555E-2,0.56666666666666643]
[null,null,null,null,null,null,null,null,6.7361111111110997E-2,0.56736111111111087]
[null,null,null,null,null,null,null,null,6.8055555555555439E-2,0.56805555555555531]
[null,null,null,null,null,null,null,null,6.8749999999999881E-2,0.56874999999999976]
[null,null,null,null,null,null,null,null,6.9444444444444323E-2,0.5694444444444442]
[null,null,null,null,null,null,null,null,7.0138888888888765E-2,0.57013888888888864]
[null,null,null,null,null,null,null,null,7.0833333333333207E-2,0.57083333333333308]
[null,null,null,null,null,null,null,null,7.1527777777777649E-2,0.57152777777777752]
[null,null,null,null,null,null,null,null,7.2222222222222091E-2,0.57222222222222197]
[null,null,null,null,null,null,null,null,7.2916666666666533E-2,0.57291666666666641]
[null,null,null,null,null,null,null,null,7.3611111111110974E-2,0.57361111111111085]
[null,null,null,null,null,null,null,null,7.4305555555555416E-2,0.57430555555555529]
[null,null,null,null,null,null,null,null,7.4999999999999858E-2,0.57499999999999973]
[null,null,null,null,null,null,null,null,7.56944444444443E-2,0.57569444444444418]
[null,null,null,null,null,null,null,null,7.6388888888888742E-2,0.57638888888888862]
[null,null,null,null,null,null,null,null,7.7083333333333184E-2,0.57708333333333306]
[null,null,null,null,null,null,null,null,7.7777777777777626E-2,0.5777777777777775]
[null,null,null,null,null,null,null,null,7.8472222222222068E-2,0.57847222222222194]
[null,null,null,null,null,null,null,null,7.916666666666651E-2,0.57916666666666639]
[null,null,null,null,null,null,null,null,7.9861111111110952E-2,0.57986111111111083]
[null,null,null,null,null,null,null,null,8.0555555555555394E-2,0.58055555555555527]
[null,null,null,null,null,null,null,null,8.1249999999999836E-2,0.58124999999999971]
[null,null,null,null,null,null,null,null,8.1944444444444278E-2,0.58194444444444415]
[null,null,null,null,null,null,null,null,8.263888888888872E-2,0.5826388888888886]
[null,null,null,null,null,null,null,null,8.3333333333333162E-2,0.58333333333333304]
[null,null,null,null,null,null,null,null,8.4027777777777604E-2,0.58402777777777748]
[null,null,null,null,null,null,null,null,8.4722222222222046E-2,0.58472222222222192]
[null,null,null,null,null,null,null,null,8.5416666666666488E-2,0.58541666666666636]
[null,null,null,null,null,null,null,null,8.611111111111093E-2,0.58611111111111081]
[null,null,null,null,null,null,null,null,8.6805555555555372E-2,0.58680555555555525]
[null,null,null,null,null,null,null,null,8.7499999999999814E-2,0.58749999999999969]
[null,null,null,null,null,null,null,null,8.8194444444444256E-2,0.58819444444444413]
[null,null,null,null,null,null,null,null,8.8888888888888698E-2,0.58888888888888857]
[null,null,null,null,null,null,null,null,8.958333333333314E-2,0.58958333333333302]
[null,null,null,null,null,null,null,null,9.0277777777777582E-2,0.59027777777777746]
[null,null,null,null,null,null,null,null,{"$f":"I143+1/1440","v":9.0972222222222024E-2},0.5909722222222219]
[null,null,null,null,null,null,null,null,9.1666666666666466E-2,0.59166666666666634]
[null,null,null,null,null,null,null,null,9.2361111111110908E-2,0.59236111111111078]
[null,null,null,null,null,null,null,null,9.305555555555535E-2,0.59305555555555522]
[null,null,null,null,null,null,null,null,9.3749999999999792E-2,0.59374999999999967]
[null,null,null,null,null,null,null,null,9.4444444444444234E-2,0.59444444444444411]
[null,null,null,null,null,null,null,null,9.5138888888888676E-2,0.59513888888888855]
[null,null,null,null,null,null,null,null,9.5833333333333118E-2,0.59583333333333299]
[null,null,null,null,null,null,null,null,9.652777777777756E-2,0.59652777777777743]
[null,null,null,null,null,null,null,null,9.7222222222222002E-2,0.59722222222222188]
[null,null,null,null,null,null,null,null,9.7916666666666444E-2,0.59791666666666632]
[null,null,null,null,null,null,null,null,9.8611111111110886E-2,0.59861111111111076]
[null,null,null,null,null,null,null,null,9.9305555555555328E-2,0.5993055555555552]
[null,null,null,null,null,null,null,null,9.999999999999977E-2,0.59999999999999964]
[null,null,null,null,null,null,null,null,0.10069444444444421,0.60069444444444409]
[null,null,null,null,null,null,null,null,0.10138888888888865,0.60138888888888853]
[null,null,null,null,null,null,null,null,0.1020833333333331,0.60208333333333297]
[null,null,null,null,null,null,null,null,0.10277777777777754,0.60277777777777741]
[null,null,null,null,null,null,null,null,0.10347222222222198,0.60347222222222185]
[null,null,null,null,null,null,null,null,0.10416666666666642,0.6041666666666663]
[null,null,null,null,null,null,null,null,0.10486111111111086,0.60486111111111074]
[null,null,null,null,null,null,null,null,0.10555555555555531,0.60555555555555518]
[null,null,null,null,null,null,null,null,0.10624999999999975,0.60624999999999962]
[null,null,null,null,null,null,null,null,0.10694444444444419,0.60694444444444406]
[null,null,null,null,null,null,null,null,0.10763888888888863,0.60763888888888851]
[null,null,null,null,null,null,null,null,0.10833333333333307,0.60833333333333295]
[null,null,null,null,null,null,null,null,0.10902777777777752,0.60902777777777739]
[null,null,null,null,null,null,null,null,0.10972222222222196,0.60972222222222183]
[null,null,null,null,null,null,null,null,0.1104166666666664,0.61041666666666627]
[null,null,null,null,null,null,null,null,0.11111111111111084,0.61111111111111072]
[null,null,null,null,null,null,null,null,0.11180555555555528,0.61180555555555516]
[null,null,null,null,null,null,null,null,0.11249999999999973,0.6124999999999996]
[null,null,null,null,null,null,null,null,0.11319444444444417,0.61319444444444404]
[null,null,null,null,null,null,null,null,0.11388888888888861,0.61388888888888848]
[null,null,null,null,null,null,null,null,0.11458333333333305,0.61458333333333293]
[null,null,null,null,null,null,null,null,0.11527777777777749,0.61527777777777737]
[null,null,null,null,null,null,null,null,0.11597222222222194,0.61597222222222181]
[null,null,null,null,null,null,null,null,0.11666666666666638,0.61666666666666625]
[null,null,null,null,null,null,null,null,0.11736111111111082,0.61736111111111069]
[null,null,null,null,null,null,null,null,0.11805555555555526,0.61805555555555514]
[null,null,null,null,null,null,null,null,0.1187499999999997,0.61874999999999958]
[null,null,null,null,null,null,null,null,0.11944444444444414,0.61944444444444402]
[null,null,null,null,null,null,null,null,0.12013888888888859,0.62013888888888846]
[null,null,null,null,null,null,null,null,0.12083333333333303,0.6208333333333329]
[null,null,null,null,null,null,null,null,0.12152777777777747,0.62152777777777735]
[null,null,null,null,null,null,null,null,0.12222222222222191,0.62222222222222179]
[null,null,null,null,null,null,null,null,0.12291666666666635,0.62291666666666623]
[null,null,null,null,null,null,null,null,0.1236111111111108,0.62361111111111067]
[null,null,null,null,null,null,null,null,0.12430555555555524,0.62430555555555511]
[null,null,null,null,null,null,null,null,0.12499999999999968,0.62499999999999956]
[null,null,null,null,null,null,null,null,0.12569444444444414,0.625694444444444]
[null,null,null,null,null,null,null,null,0.12638888888888858,0.62638888888888844]
[null,null,null,null,null,null,null,null,0.12708333333333302,0.62708333333333288]
[null,null,null,null,null,null,null,null,0.12777777777777746,0.62777777777777732]
[null,null,null,null,null,null,null,null,0.1284722222222219,0.62847222222222177]
[null,null,null,null,null,null,null,null,0.12916666666666635,0.62916666666666621]
[null,null,null,null,null,null,null,null,0.12986111111111079,0.62986111111111065]
[null,null,null,null,null,null,null,null,0.13055555555555523,0.63055555555555509]
[null,null,null,null,null,null,null,null,0.13124999999999967,0.63124999999999953]
[null,null,null,null,null,null,null,null,0.13194444444444411,0.63194444444444398]
[null,null,null,null,null,null,null,null,0.13263888888888856,0.63263888888888842]
[null,null,null,null,null,null,null,null,0.133333333333333,0.63333333333333286]
[null,null,null,null,null,null,null,null,0.13402777777777744,0.6340277777777773]
[null,null,null,null,null,null,null,null,0.13472222222222188,0.63472222222222174]
[null,null,null,null,null,null,null,null,{"$f":"I207+1/1440","v":0.13541666666666632},0.63541666666666619]
[null,null,null,null,null,null,null,null,0.13611111111111077,0.63611111111111063]
[null,null,null,null,null,null,null,null,0.13680555555555521,0.63680555555555507]
[null,null,null,null,null,null,null,null,0.13749999999999965,0.63749999999999951]
[null,null,null,null,null,null,null,null,0.13819444444444409,0.63819444444444395]
[null,null,null,null,null,null,null,null,0.13888888888888853,0.6388888888888884]
[null,null,null,null,null,null,null,null,0.13958333333333298,0.63958333333333284]
[null,null,null,null,null,null,null,null,0.14027777777777742,0.64027777777777728]
[null,null,null,null,null,null,null,null,0.14097222222222186,0.64097222222222172]
[null,null,null,null,null,null,null,null,0.1416666666666663,0.64166666666666616]
[null,null,null,null,null,null,null,null,0.14236111111111074,0.64236111111111061]
[null,null,null,null,null,null,null,null,0.14305555555555519,0.64305555555555505]
[null,null,null,null,null,null,null,null,0.14374999999999963,0.64374999999999949]
[null,null,null,null,null,null,null,null,0.14444444444444407,0.64444444444444393]
[null,null,null,null,null,null,null,null,0.14513888888888851,0.64513888888888837]
[null,null,null,null,null,null,null,null,0.14583333333333295,0.64583333333333282]
[null,null,null,null,null,null,null,null,0.1465277777777774,0.64652777777777726]
[null,null,null,null,null,null,null,null,0.14722222222222184,0.6472222222222217]
[null,null,null,null,null,null,null,null,0.14791666666666628,0.64791666666666614]
[null,null,null,null,null,null,null,null,0.14861111111111072,0.64861111111111058]
[null,null,null,null,null,null,null,null,0.14930555555555516,0.64930555555555503]
[null,null,null,null,null,null,null,null,0.14999999999999961,0.64999999999999947]
[null,null,null,null,null,null,null,null,0.15069444444444405,0.65069444444444391]
[null,null,null,null,null,null,null,null,0.15138888888888849,0.65138888888888835]
[null,null,null,null,null,null,null,null,0.15208333333333293,0.65208333333333279]
[null,null,null,null,null,null,null,null,0.15277777777777737,0.65277777777777724]
[null,null,null,null,null,null,null,null,0.15347222222222182,0.65347222222222168]
[null,null,null,null,null,null,null,null,0.15416666666666626,0.65416666666666612]
[null,null,null,null,null,null,null,null,0.1548611111111107,0.65486111111111056]
[null,null,null,null,null,null,null,null,0.15555555555555514,0.655555555555555]
[null,null,null,null,null,null,null,null,0.15624999999999958,0.65624999999999944]
[null,null,null,null,null,null,null,null,0.15694444444444403,0.65694444444444389]
[null,null,null,null,null,null,null,null,0.15763888888888847,0.65763888888888833]
[null,null,null,null,null,null,null,null,0.15833333333333291,0.65833333333333277]
[null,null,null,null,null,null,null,null,0.15902777777777735,0.65902777777777721]
[null,null,null,null,null,null,null,null,0.15972222222222179,0.65972222222222165]
[null,null,null,null,null,null,null,null,0.16041666666666624,0.6604166666666661]
[null,null,null,null,null,null,null,null,0.16111111111111068,0.66111111111111054]
[null,null,null,null,null,null,null,null,0.16180555555555512,0.66180555555555498]
[null,null,null,null,null,null,null,null,0.16249999999999956,0.66249999999999942]
[null,null,null,null,null,null,null,null,0.163194444444444,0.66319444444444386]
[null,null,null,null,null,null,null,null,0.16388888888888845,0.66388888888888831]
[null,null,null,null,null,null,null,null,0.16458333333333289,0.66458333333333275]
[null,null,null,null,null,null,null,null,0.16527777777777733,0.66527777777777719]
[null,null,null,null,null,null,null,null,0.16597222222222177,0.66597222222222163]
[null,null,null,null,null,null,null,null,0.16666666666666621,0.66666666666666607]
[null,null,null,null,null,null,null,null,0.16736111111111066,0.66736111111111052]
[null,null,null,null,null,null,null,null,0.1680555555555551,{"$f":"J254+1/1440","v":0.66805555555555496}]
[null,null,null,null,null,null,null,null,0.16874999999999954,0.6687499999999994]
[null,null,null,null,null,null,null,null,0.16944444444444398,0.66944444444444384]
[null,null,null,null,null,null,null,null,0.17013888888888842,0.67013888888888828]
[null,null,null,null,null,null,null,null,0.17083333333333287,0.67083333333333273]
[null,null,null,null,null,null,null,null,0.17152777777777731,0.67152777777777717]
[null,null,null,null,null,null,null,null,0.17222222222222175,0.67222222222222161]
[null,null,null,null,null,null,null,null,0.17291666666666619,0.67291666666666605]
[null,null,null,null,null,null,null,null,0.17361111111111063,0.67361111111111049]
[null,null,null,null,null,null,null,null,0.17430555555555508,0.67430555555555494]
[null,null,null,null,null,null,null,null,0.17499999999999952,0.67499999999999938]
[null,null,null,null,null,null,null,null,0.17569444444444396,0.67569444444444382]
[null,null,null,null,null,null,null,null,0.1763888888888884,0.67638888888888826]
[null,null,null,null,null,null,null,null,0.17708333333333284,0.6770833333333327]
[null,null,null,null,null,null,null,null,0.17777777777777728,0.67777777777777715]
[null,null,null,null,null,null,null,null,0.17847222222222173,0.67847222222222159]
[null,null,null,null,null,null,null,null,0.17916666666666617,0.67916666666666603]
[null,null,null,null,null,null,null,null,{"$f":"I271+1/1440","v":0.17986111111111061},0.67986111111111047]
[null,null,null,null,null,null,null,null,0.18055555555555505,0.68055555555555491]
[null,null,null,null,null,null,null,null,0.18124999999999949,0.68124999999999936]
[null,null,null,null,null,null,null,null,0.18194444444444394,0.6819444444444438]
[null,null,null,null,null,null,null,null,0.18263888888888838,0.68263888888888824]
[null,null,null,null,null,null,null,null,0.18333333333333282,0.68333333333333268]
[null,null,null,null,null,null,null,null,0.18402777777777726,0.68402777777777712]
[null,null,null,null,null,null,null,null,0.1847222222222217,0.68472222222222157]
[null,null,null,null,null,null,null,null,0.18541666666666615,0.68541666666666601]
[null,null,null,null,null,null,null,null,0.18611111111111059,0.68611111111111045]
[null,null,null,null,null,null,null,null,0.18680555555555503,0.68680555555555489]
[null,null,null,null,null,null,null,null,0.18749999999999947,0.68749999999999933]
[null,null,null,null,null,null,null,null,0.18819444444444391,0.68819444444444378]
[null,null,null,null,null,null,null,null,0.18888888888888836,0.68888888888888822]
[null,null,null,null,null,null,null,null,0.1895833333333328,0.68958333333333266]
[null,null,null,null,null,null,null,null,0.19027777777777724,{"$f":"J286+1/1440","v":0.6902777777777771}]
[null,null,null,null,null,null,null,null,0.19097222222222168,0.69097222222222154]
[null,null,null,null,null,null,null,null,0.19166666666666612,0.69166666666666599]
[null,null,null,null,null,null,null,null,0.19236111111111057,0.69236111111111043]
[null,null,null,null,null,null,null,null,0.19305555555555501,0.69305555555555487]
[null,null,null,null,null,null,null,null,0.19374999999999945,0.69374999999999931]
[null,null,null,null,null,null,null,null,0.19444444444444389,0.69444444444444375]
[null,null,null,null,null,null,null,null,0.19513888888888833,0.6951388888888882]
[null,null,null,null,null,null,null,null,0.19583333333333278,0.69583333333333264]
[null,null,null,null,null,null,null,null,0.19652777777777722,0.69652777777777708]
[null,null,null,null,null,null,null,null,0.19722222222222166,0.69722222222222152]
[null,null,null,null,null,null,null,null,0.1979166666666661,0.69791666666666596]
[null,null,null,null,null,null,null,null,0.19861111111111054,0.69861111111111041]
[null,null,null,null,null,null,null,null,0.19930555555555499,0.69930555555555485]
[null,null,null,null,null,null,null,null,0.19999999999999943,0.69999999999999929]
[null,null,null,null,null,null,null,null,0.20069444444444387,0.70069444444444373]
[null,null,null,null,null,null,null,null,0.20138888888888831,0.70138888888888817]
[null,null,null,null,null,null,null,null,0.20208333333333275,0.70208333333333262]
[null,null,null,null,null,null,null,null,0.2027777777777772,0.70277777777777706]
[null,null,null,null,null,null,null,null,0.20347222222222164,0.7034722222222215]
[null,null,null,null,null,null,null,null,0.20416666666666608,0.70416666666666594]
[null,null,null,null,null,null,null,null,0.20486111111111052,0.70486111111111038]
[null,null,null,null,null,null,null,null,0.20555555555555496,0.70555555555555483]
[null,null,null,null,null,null,null,null,0.20624999999999941,0.70624999999999927]
[null,null,null,null,null,null,null,null,0.20694444444444385,0.70694444444444371]
[null,null,null,null,null,null,null,null,0.20763888888888829,0.70763888888888815]
[null,null,null,null,null,null,null,null,0.20833333333333273,{"$f":"J312+1/1440","v":0.70833333333333259}]
[null,null,null,null,null,null,null,null,0.20902777777777717,0.70902777777777704]
[null,null,null,null,null,null,null,null,0.20972222222222162,0.70972222222222148]
[null,null,null,null,null,null,null,null,0.21041666666666606,0.71041666666666592]
[null,null,null,null,null,null,null,null,0.2111111111111105,0.71111111111111036]
[null,null,null,null,null,null,null,null,0.21180555555555494,0.7118055555555548]
[null,null,null,null,null,null,null,null,0.21249999999999938,0.71249999999999925]
[null,null,null,null,null,null,null,null,0.21319444444444383,0.71319444444444369]
[null,null,null,null,null,null,null,null,0.21388888888888827,0.71388888888888813]
[null,null,null,null,null,null,null,null,0.21458333333333271,0.71458333333333257]
[null,null,null,null,null,null,null,null,0.21527777777777715,0.71527777777777701]
[null,null,null,null,null,null,null,null,0.21597222222222159,0.71597222222222145]
[null,null,null,null,null,null,null,null,0.21666666666666604,0.7166666666666659]
[null,null,null,null,null,null,null,null,0.21736111111111048,0.71736111111111034]
[null,null,null,null,null,null,null,null,0.21805555555555492,0.71805555555555478]
[null,null,null,null,null,null,null,null,0.21874999999999936,0.71874999999999922]
[null,null,null,null,null,null,null,null,0.2194444444444438,0.71944444444444366]
[null,null,null,null,null,null,null,null,0.22013888888888825,0.72013888888888811]
[null,null,null,null,null,null,null,null,0.22083333333333269,0.72083333333333255]
[null,null,null,null,null,null,null,null,0.22152777777777713,0.72152777777777699]
[null,null,null,null,null,null,null,null,0.22222222222222157,0.72222222222222143]
[null,null,null,null,null,null,null,null,0.22291666666666601,0.72291666666666587]
[null,null,null,null,null,null,null,null,0.22361111111111046,0.72361111111111032]
[null,null,null,null,null,null,null,null,{"$f":"I335+1/1440","v":0.2243055555555549},0.72430555555555476]
[null,null,null,null,null,null,null,null,0.22499999999999934,0.7249999999999992]
[null,null,null,null,null,null,null,null,0.22569444444444378,0.72569444444444364]
[null,null,null,null,null,null,null,null,0.22638888888888822,0.72638888888888808]
[null,null,null,null,null,null,null,null,0.22708333333333267,0.72708333333333253]
[null,null,null,null,null,null,null,null,0.22777777777777711,0.72777777777777697]
[null,null,null,null,null,null,null,null,0.22847222222222155,0.72847222222222141]
[null,null,null,null,null,null,null,null,0.22916666666666599,0.72916666666666585]
[null,null,null,null,null,null,null,null,0.22986111111111043,0.72986111111111029]
[null,null,null,null,null,null,null,null,0.23055555555555488,0.73055555555555474]
[null,null,null,null,null,null,null,null,0.23124999999999932,0.73124999999999918]
[null,null,null,null,null,null,null,null,0.23194444444444376,0.73194444444444362]
[null,null,null,null,null,null,null,null,0.2326388888888882,0.73263888888888806]
[null,null,null,null,null,null,null,null,0.23333333333333264,0.7333333333333325]
[null,null,null,null,null,null,null,null,0.23402777777777709,0.73402777777777695]
[null,null,null,null,null,null,null,null,0.23472222222222153,0.73472222222222139]
[null,null,null,null,null,null,null,null,0.23541666666666597,0.73541666666666583]
[null,null,null,null,null,null,null,null,0.23611111111111041,0.73611111111111027]
[null,null,null,null,null,null,null,null,0.23680555555555485,0.73680555555555471]
[null,null,null,null,null,null,null,null,0.2374999999999993,0.73749999999999916]
[null,null,null,null,null,null,null,null,0.23819444444444374,0.7381944444444436]
[null,null,null,null,null,null,null,null,0.23888888888888818,0.73888888888888804]
[null,null,null,null,null,null,null,null,0.23958333333333262,0.73958333333333248]
[null,null,null,null,null,null,null,null,0.24027777777777706,0.74027777777777692]
[null,null,null,null,null,null,null,null,0.2409722222222215,0.74097222222222137]
[null,null,null,null,null,null,null,null,0.24166666666666595,0.74166666666666581]
[null,null,null,null,null,null,null,null,0.24236111111111039,0.74236111111111025]
[null,null,null,null,null,null,null,null,0.24305555555555483,0.74305555555555469]
[null,null,null,null,null,null,null,null,0.24374999999999927,0.74374999999999913]
[null,null,null,null,null,null,null,null,0.24444444444444371,0.74444444444444358]
[null,null,null,null,null,null,null,null,0.24513888888888816,0.74513888888888802]
[null,null,null,null,null,null,null,null,0.2458333333333326,0.74583333333333246]
[null,null,null,null,null,null,null,null,0.24652777777777704,0.7465277777777769]
[null,null,null,null,null,null,null,null,0.24722222222222148,0.74722222222222134]
[null,null,null,null,null,null,null,null,0.24791666666666592,0.74791666666666579]
[null,null,null,null,null,null,null,null,0.24861111111111037,0.74861111111111023]
[null,null,null,null,null,null,null,null,0.24930555555555481,0.74930555555555467]
[null,null,null,null,null,null,null,null,0.24999999999999925,0.74999999999999911]
[null,null,null,null,null,null,null,null,0.25069444444444372,0.75069444444444355]
[null,null,null,null,null,null,null,null,0.25138888888888816,0.751388888888888]
[null,null,null,null,null,null,null,null,0.2520833333333326,0.75208333333333244]
[null,null,null,null,null,null,null,null,0.25277777777777705,{"$f":"J376+1/1440","v":0.75277777777777688}]
[null,null,null,null,null,null,null,null,0.25347222222222149,0.75347222222222132]
[null,null,null,null,null,null,null,null,0.25416666666666593,0.75416666666666576]
[null,null,null,null,null,null,null,null,0.25486111111111037,0.75486111111111021]
[null,null,null,null,null,null,null,null,0.25555555555555481,0.75555555555555465]
[null,null,null,null,null,null,null,null,0.25624999999999926,0.75624999999999909]
[null,null,null,null,null,null,null,null,0.2569444444444437,0.75694444444444353]
[null,null,null,null,null,null,null,null,0.25763888888888814,0.75763888888888797]
[null,null,null,null,null,null,null,null,0.25833333333333258,0.75833333333333242]
[null,null,null,null,null,null,null,null,0.25902777777777702,0.75902777777777686]
[null,null,null,null,null,null,null,null,0.25972222222222147,0.7597222222222213]
[null,null,null,null,null,null,null,null,0.26041666666666591,0.76041666666666574]
[null,null,null,null,null,null,null,null,0.26111111111111035,0.76111111111111018]
[null,null,null,null,null,null,null,null,0.26180555555555479,0.76180555555555463]
[null,null,null,null,null,null,null,null,0.26249999999999923,0.76249999999999907]
[null,null,null,null,null,null,null,null,0.26319444444444368,0.76319444444444351]
[null,null,null,null,null,null,null,null,0.26388888888888812,0.76388888888888795]
[null,null,null,null,null,null,null,null,0.26458333333333256,0.76458333333333239]
[null,null,null,null,null,null,null,null,0.265277777777777,0.76527777777777684]
[null,null,null,null,null,null,null,null,0.26597222222222144,0.76597222222222128]
[null,null,null,null,null,null,null,null,0.26666666666666589,0.76666666666666572]
[null,null,null,null,null,null,null,null,0.26736111111111033,0.76736111111111016]
[null,null,null,null,null,null,null,null,0.26805555555555477,0.7680555555555546]
[null,null,null,null,null,null,null,null,{"$f":"I399+1/1440","v":0.26874999999999921},0.76874999999999905]
[null,null,null,null,null,null,null,null,0.26944444444444365,0.76944444444444349]
[null,null,null,null,null,null,null,null,0.2701388888888881,0.77013888888888793]
[null,null,null,null,null,null,null,null,0.27083333333333254,0.77083333333333237]
[null,null,null,null,null,null,null,null,0.27152777777777698,0.77152777777777681]
[null,null,null,null,null,null,null,null,0.27222222222222142,0.77222222222222126]
[null,null,null,null,null,null,null,null,0.27291666666666586,0.7729166666666657]
[null,null,null,null,null,null,null,null,0.27361111111111031,0.77361111111111014]
[null,null,null,null,null,null,null,null,0.27430555555555475,0.77430555555555458]
[null,null,null,null,null,null,null,null,0.27499999999999919,0.77499999999999902]
[null,null,null,null,null,null,null,null,0.27569444444444363,0.77569444444444346]
[null,null,null,null,null,null,null,null,0.27638888888888807,0.77638888888888791]
[null,null,null,null,null,null,null,null,0.27708333333333252,0.77708333333333235]
[null,null,null,null,null,null,null,null,0.27777777777777696,0.77777777777777679]
[null,null,null,null,null,null,null,null,0.2784722222222214,0.77847222222222123]
[null,null,null,null,null,null,null,null,0.27916666666666584,0.77916666666666567]
[null,null,null,null,null,null,null,null,0.27986111111111028,0.77986111111111012]
[null,null,null,null,null,null,null,null,0.28055555555555473,0.78055555555555456]
[null,null,null,null,null,null,null,null,0.28124999999999917,0.781249999999999]
[null,null,null,null,null,null,null,null,0.28194444444444361,0.78194444444444344]
[null,null,null,null,null,null,null,null,0.28263888888888805,0.78263888888888788]
[null,null,null,null,null,null,null,null,0.28333333333333249,0.78333333333333233]
[null,null,null,null,null,null,null,null,0.28402777777777694,0.78402777777777677]
[null,null,null,null,null,null,null,null,0.28472222222222138,0.78472222222222121]
[null,null,null,null,null,null,null,null,0.28541666666666582,0.78541666666666565]
[null,null,null,null,null,null,null,null,0.28611111111111026,0.78611111111111009]
[null,null,null,null,null,null,null,null,0.2868055555555547,0.78680555555555454]
[null,null,null,null,null,null,null,null,0.28749999999999915,0.78749999999999898]
[null,null,null,null,null,null,null,null,0.28819444444444359,0.78819444444444342]
[null,null,null,null,null,null,null,null,0.28888888888888803,0.78888888888888786]
[null,null,null,null,null,null,null,null,0.28958333333333247,0.7895833333333323]
[null,null,null,null,null,null,null,null,0.29027777777777691,0.79027777777777675]
[null,null,null,null,null,null,null,null,0.29097222222222136,0.79097222222222119]
[null,null,null,null,null,null,null,null,0.2916666666666658,0.79166666666666563]
[null,null,null,null,null,null,null,null,0.29236111111111024,0.79236111111111007]
[null,null,null,null,null,null,null,null,0.29305555555555468,0.79305555555555451]
[null,null,null,null,null,null,null,null,0.29374999999999912,0.79374999999999896]
[null,null,null,null,null,null,null,null,0.29444444444444356,0.7944444444444434]
[null,null,null,null,null,null,null,null,0.29513888888888801,0.79513888888888784]
[null,null,null,null,null,null,null,null,0.29583333333333245,0.79583333333333228]
[null,null,null,null,null,null,null,null,0.29652777777777689,0.79652777777777672]
[null,null,null,null,null,null,null,null,0.29722222222222133,{"$f":"J440+1/1440","v":0.79722222222222117}]
[null,null,null,null,null,null,null,null,0.29791666666666577,0.79791666666666561]
[null,null,null,null,null,null,null,null,0.29861111111111022,0.79861111111111005]
[null,null,null,null,null,null,null,null,0.29930555555555466,0.79930555555555449]
[null,null,null,null,null,null,null,null,0.2999999999999991,0.79999999999999893]
[null,null,null,null,null,null,null,null,0.30069444444444354,0.80069444444444338]
[null,null,null,null,null,null,null,null,0.30138888888888798,0.80138888888888782]
[null,null,null,null,null,null,null,null,0.30208333333333243,0.80208333333333226]
[null,null,null,null,null,null,null,null,0.30277777777777687,0.8027777777777767]
[null,null,null,null,null,null,null,null,0.30347222222222131,0.80347222222222114]
[null,null,null,null,null,null,null,null,0.30416666666666575,0.80416666666666559]
[null,null,null,null,null,null,null,null,0.30486111111111019,0.80486111111111003]
[null,null,null,null,null,null,null,null,0.30555555555555464,0.80555555555555447]
[null,null,null,null,null,null,null,null,0.30624999999999908,0.80624999999999891]
[null,null,null,null,null,null,null,null,0.30694444444444352,0.80694444444444335]
[null,null,null,null,null,null,null,null,0.30763888888888796,0.8076388888888878]
[null,null,null,null,null,null,null,null,0.3083333333333324,0.80833333333333224]
[null,null,null,null,null,null,null,null,0.30902777777777685,0.80902777777777668]
[null,null,null,null,null,null,null,null,0.30972222222222129,0.80972222222222112]
[null,null,null,null,null,null,null,null,0.31041666666666573,0.81041666666666556]
[null,null,null,null,null,null,null,null,0.31111111111111017,0.81111111111111001]
[null,null,null,null,null,null,null,null,0.31180555555555461,0.81180555555555445]
[null,null,null,null,null,null,null,null,0.31249999999999906,0.81249999999999889]
[null,null,null,null,null,null,null,null,{"$f":"I463+1/1440","v":0.3131944444444435},0.81319444444444333]
[null,null,null,null,null,null,null,null,0.31388888888888794,0.81388888888888777]
[null,null,null,null,null,null,null,null,0.31458333333333238,0.81458333333333222]
[null,null,null,null,null,null,null,null,0.31527777777777682,0.81527777777777666]
[null,null,null,null,null,null,null,null,0.31597222222222127,0.8159722222222211]
[null,null,null,null,null,null,null,null,0.31666666666666571,0.81666666666666554]
[null,null,null,null,null,null,null,null,0.31736111111111015,0.81736111111110998]
[null,null,null,null,null,null,null,null,0.31805555555555459,0.81805555555555443]
[null,null,null,null,null,null,null,null,0.31874999999999903,0.81874999999999887]
[null,null,null,null,null,null,null,null,0.31944444444444348,0.81944444444444331]
[null,null,null,null,null,null,null,null,0.32013888888888792,0.82013888888888775]
[null,null,null,null,null,null,null,null,0.32083333333333236,0.82083333333333219]
[null,null,null,null,null,null,null,null,0.3215277777777768,0.82152777777777664]
[null,null,null,null,null,null,null,null,0.32222222222222124,0.82222222222222108]
[null,null,null,null,null,null,null,null,0.32291666666666569,0.82291666666666552]
[null,null,null,null,null,null,null,null,0.32361111111111013,0.82361111111110996]
[null,null,null,null,null,null,null,null,0.32430555555555457,0.8243055555555544]
[null,null,null,null,null,null,null,null,0.32499999999999901,0.82499999999999885]
[null,null,null,null,null,null,null,null,0.32569444444444345,0.82569444444444329]
[null,null,null,null,null,null,null,null,0.3263888888888879,0.82638888888888773]
[null,null,null,null,null,null,null,null,0.32708333333333234,0.82708333333333217]
[null,null,null,null,null,null,null,null,0.32777777777777678,0.82777777777777661]
[null,null,null,null,null,null,null,null,0.32847222222222122,0.82847222222222106]
[null,null,null,null,null,null,null,null,0.32916666666666566,0.8291666666666655]
[null,null,null,null,null,null,null,null,0.32986111111111011,0.82986111111110994]
[null,null,null,null,null,null,null,null,0.33055555555555455,0.83055555555555438]
[null,null,null,null,null,null,null,null,0.33124999999999899,0.83124999999999882]
[null,null,null,null,null,null,null,null,0.33194444444444343,0.83194444444444327]
[null,null,null,null,null,null,null,null,0.33263888888888787,0.83263888888888771]
[null,null,null,null,null,null,null,null,0.33333333333333232,0.83333333333333215]
[null,null,null,null,null,null,null,null,0.33402777777777676,0.83402777777777659]
[null,null,null,null,null,null,null,null,0.3347222222222212,0.83472222222222103]
[null,null,null,null,null,null,null,null,0.33541666666666564,0.83541666666666548]
[null,null,null,null,null,null,null,null,0.33611111111111008,0.83611111111110992]
[null,null,null,null,null,null,null,null,0.33680555555555453,0.83680555555555436]
[null,null,null,null,null,null,null,null,0.33749999999999897,0.8374999999999988]
[null,null,null,null,null,null,null,null,0.33819444444444341,0.83819444444444324]
[null,null,null,null,null,null,null,null,0.33888888888888785,0.83888888888888768]
[null,null,null,null,null,null,null,null,0.33958333333333229,0.83958333333333213]
[null,null,null,null,null,null,null,null,0.34027777777777674,0.84027777777777657]
[null,null,null,null,null,null,null,null,0.34097222222222118,0.84097222222222101]
[null,null,null,null,null,null,null,null,0.34166666666666562,{"$f":"J504+1/1440","v":0.84166666666666545}]
[null,null,null,null,null,null,null,null,0.34236111111111006,0.84236111111110989]
[null,null,null,null,null,null,null,null,0.3430555555555545,0.84305555555555434]
[null,null,null,null,null,null,null,null,0.34374999999999895,0.84374999999999878]
[null,null,null,null,null,null,null,null,0.34444444444444339,0.84444444444444322]
[null,null,null,null,null,null,null,null,0.34513888888888783,0.84513888888888766]
[null,null,null,null,null,null,null,null,0.34583333333333227,0.8458333333333321]
[null,null,null,null,null,null,null,null,0.34652777777777671,0.84652777777777655]
[null,null,null,null,null,null,null,null,0.34722222222222116,0.84722222222222099]
[null,null,null,null,null,null,null,null,0.3479166666666656,0.84791666666666543]
[null,null,null,null,null,null,null,null,0.34861111111111004,0.84861111111110987]
[null,null,null,null,null,null,null,null,0.34930555555555448,0.84930555555555431]
[null,null,null,null,null,null,null,null,0.34999999999999892,0.84999999999999876]
[null,null,null,null,null,null,null,null,0.35069444444444337,0.8506944444444432]
[null,null,null,null,null,null,null,null,0.35138888888888781,0.85138888888888764]
[null,null,null,null,null,null,null,null,0.35208333333333225,0.85208333333333208]
[null,null,null,null,null,null,null,null,0.35277777777777669,0.85277777777777652]
[null,null,null,null,null,null,null,null,0.35347222222222113,0.85347222222222097]
[null,null,null,null,null,null,null,null,0.35416666666666557,0.85416666666666541]
[null,null,null,null,null,null,null,null,0.35486111111111002,0.85486111111110985]
[null,null,null,null,null,null,null,null,0.35555555555555446,0.85555555555555429]
[null,null,null,null,null,null,null,null,0.3562499999999989,0.85624999999999873]
[null,null,null,null,null,null,null,null,0.35694444444444334,0.85694444444444318]
[null,null,null,null,null,null,null,null,{"$f":"I527+1/1440","v":0.35763888888888778},0.85763888888888762]
[null,null,null,null,null,null,null,null,0.35833333333333223,0.85833333333333206]
[null,null,null,null,null,null,null,null,0.35902777777777667,0.8590277777777765]
[null,null,null,null,null,null,null,null,0.35972222222222111,0.85972222222222094]
[null,null,null,null,null,null,null,null,0.36041666666666555,0.86041666666666539]
[null,null,null,null,null,null,null,null,0.36111111111110999,0.86111111111110983]
[null,null,null,null,null,null,null,null,0.36180555555555444,0.86180555555555427]
[null,null,null,null,null,null,null,null,0.36249999999999888,0.86249999999999871]
[null,null,null,null,null,null,null,null,0.36319444444444332,0.86319444444444315]
[null,null,null,null,null,null,null,null,0.36388888888888776,0.8638888888888876]
[null,null,null,null,null,null,null,null,0.3645833333333322,0.86458333333333204]
[null,null,null,null,null,null,null,null,0.36527777777777665,0.86527777777777648]
[null,null,null,null,null,null,null,null,0.36597222222222109,0.86597222222222092]
[null,null,null,null,null,null,null,null,0.36666666666666553,0.86666666666666536]
[null,null,null,null,null,null,null,null,0.36736111111110997,0.86736111111110981]
[null,null,null,null,null,null,null,null,0.36805555555555441,0.86805555555555425]
[null,null,null,null,null,null,null,null,0.36874999999999886,0.86874999999999869]
[null,null,null,null,null,null,null,null,0.3694444444444433,0.86944444444444313]
[null,null,null,null,null,null,null,null,0.37013888888888774,0.87013888888888757]
[null,null,null,null,null,null,null,null,0.37083333333333218,0.87083333333333202]
[null,null,null,null,null,null,null,null,0.37152777777777662,0.87152777777777646]
[null,null,null,null,null,null,null,null,0.37222222222222107,0.8722222222222209]
[null,null,null,null,null,null,null,null,0.37291666666666551,0.87291666666666534]
[null,null,null,null,null,null,null,null,0.37361111111110995,0.87361111111110978]
[null,null,null,null,null,null,null,null,0.37430555555555439,0.87430555555555423]
[null,null,null,null,null,null,null,null,0.37499999999999883,0.87499999999999867]
[null,null,null,null,null,null,null,null,0.37569444444444328,0.87569444444444311]
[null,null,null,null,null,null,null,null,0.37638888888888772,0.87638888888888755]
[null,null,null,null,null,null,null,null,0.37708333333333216,0.87708333333333199]
[null,null,null,null,null,null,null,null,0.3777777777777766,0.87777777777777644]
[null,null,null,null,null,null,null,null,0.37847222222222104,0.87847222222222088]
[null,null,null,null,null,null,null,null,0.37916666666666549,0.87916666666666532]
[null,null,null,null,null,null,null,null,0.37986111111110993,0.87986111111110976]
[null,null,null,null,null,null,null,null,0.38055555555555437,0.8805555555555542]
[null,null,null,null,null,null,null,null,0.38124999999999881,0.88124999999999865]
[null,null,null,null,null,null,null,null,0.38194444444444325,0.88194444444444309]
[null,null,null,null,null,null,null,null,0.3826388888888877,0.88263888888888753]
[null,null,null,null,null,null,null,null,0.38333333333333214,0.88333333333333197]
[null,null,null,null,null,null,null,null,0.38402777777777658,0.88402777777777641]
[null,null,null,null,null,null,null,null,0.38472222222222102,0.88472222222222086]
[null,null,null,null,null,null,null,null,0.38541666666666546,0.8854166666666653]
[null,null,null,null,null,null,null,null,0.38611111111110991,{"$f":"J568+1/1440","v":0.88611111111110974}]
[null,null,null,null,null,null,null,null,0.38680555555555435,0.88680555555555418]
[null,null,null,null,null,null,null,null,0.38749999999999879,0.88749999999999862]
[null,null,null,null,null,null,null,null,0.38819444444444323,0.88819444444444307]
[null,null,null,null,null,null,null,null,0.38888888888888767,0.88888888888888751]
[null,null,null,null,null,null,null,null,0.38958333333333212,0.88958333333333195]
[null,null,null,null,null,null,null,null,0.39027777777777656,0.89027777777777639]
[null,null,null,null,null,null,null,null,0.390972222222221,0.89097222222222083]
[null,null,null,null,null,null,null,null,0.39166666666666544,0.89166666666666528]
[null,null,null,null,null,null,null,null,0.39236111111110988,0.89236111111110972]
[null,null,null,null,null,null,null,null,0.39305555555555433,0.89305555555555416]
[null,null,null,null,null,null,null,null,0.39374999999999877,0.8937499999999986]
[null,null,null,null,null,null,null,null,0.39444444444444321,0.89444444444444304]
[null,null,null,null,null,null,null,null,0.39513888888888765,0.89513888888888749]
[null,null,null,null,null,null,null,null,0.39583333333333209,0.89583333333333193]
[null,null,null,null,null,null,null,null,0.39652777777777654,0.89652777777777637]
[null,null,null,null,null,null,null,null,0.39722222222222098,0.89722222222222081]
[null,null,null,null,null,null,null,null,0.39791666666666542,0.89791666666666525]
[null,null,null,null,null,null,null,null,0.39861111111110986,0.89861111111110969]
[null,null,null,null,null,null,null,null,0.3993055555555543,0.89930555555555414]
[null,null,null,null,null,null,null,null,0.39999999999999875,0.89999999999999858]
[null,null,null,null,null,null,null,null,0.40069444444444319,0.90069444444444302]
[null,null,null,null,null,null,null,null,0.40138888888888763,0.90138888888888746]
[null,null,null,null,null,null,null,null,{"$f":"I591+1/1440","v":0.40208333333333207},0.9020833333333319]
[null,null,null,null,null,null,null,null,0.40277777777777651,0.90277777777777635]
[null,null,null,null,null,null,null,null,0.40347222222222096,0.90347222222222079]
[null,null,null,null,null,null,null,null,0.4041666666666654,0.90416666666666523]
[null,null,null,null,null,null,null,null,0.40486111111110984,0.90486111111110967]
[null,null,null,null,null,null,null,null,0.40555555555555428,0.90555555555555411]
[null,null,null,null,null,null,null,null,0.40624999999999872,0.90624999999999856]
[null,null,null,null,null,null,null,null,0.40694444444444317,0.906944444444443]
[null,null,null,null,null,null,null,null,0.40763888888888761,0.90763888888888744]
[null,null,null,null,null,null,null,null,0.40833333333333205,0.90833333333333188]
[null,null,null,null,null,null,null,null,0.40902777777777649,0.90902777777777632]
[null,null,null,null,null,null,null,null,0.40972222222222093,0.90972222222222077]
[null,null,null,null,null,null,null,null,0.41041666666666538,0.91041666666666521]
[null,null,null,null,null,null,null,null,0.41111111111110982,0.91111111111110965]
[null,null,null,null,null,null,null,null,0.41180555555555426,0.91180555555555409]
[null,null,null,null,null,null,null,null,0.4124999999999987,0.91249999999999853]
[null,null,null,null,null,null,null,null,0.41319444444444314,0.91319444444444298]
[null,null,null,null,null,null,null,null,0.41388888888888758,0.91388888888888742]
[null,null,null,null,null,null,null,null,0.41458333333333203,0.91458333333333186]
[null,null,null,null,null,null,null,null,0.41527777777777647,0.9152777777777763]
[null,null,null,null,null,null,null,null,0.41597222222222091,0.91597222222222074]
[null,null,null,null,null,null,null,null,0.41666666666666535,0.91666666666666519]
[null,null,null,null,null,null,null,null,0.41736111111110979,0.91736111111110963]
[null,null,null,null,null,null,null,null,0.41805555555555424,0.91805555555555407]
[null,null,null,null,null,null,null,null,0.41874999999999868,0.91874999999999851]
[null,null,null,null,null,null,null,null,0.41944444444444312,0.91944444444444295]
[null,null,null,null,null,null,null,null,0.42013888888888756,0.9201388888888874]
[null,null,null,null,null,null,null,null,0.420833333333332,0.92083333333333184]
[null,null,null,null,null,null,null,null,0.42152777777777645,0.92152777777777628]
[null,null,null,null,null,null,null,null,0.42222222222222089,0.92222222222222072]
[null,null,null,null,null,null,null,null,0.42291666666666533,0.92291666666666516]
[null,null,null,null,null,null,null,null,0.42361111111110977,0.92361111111110961]
[null,null,null,null,null,null,null,null,0.42430555555555421,0.92430555555555405]
[null,null,null,null,null,null,null,null,0.42499999999999866,0.92499999999999849]
[null,null,null,null,null,null,null,null,0.4256944444444431,0.92569444444444293]
[null,null,null,null,null,null,null,null,0.42638888888888754,0.92638888888888737]
[null,null,null,null,null,null,null,null,0.42708333333333198,0.92708333333333182]
[null,null,null,null,null,null,null,null,0.42777777777777642,0.92777777777777626]
[null,null,null,null,null,null,null,null,0.42847222222222087,0.9284722222222207]
[null,null,null,null,null,null,null,null,0.42916666666666531,0.92916666666666514]
[null,null,null,null,null,null,null,null,0.42986111111110975,0.92986111111110958]
[null,null,null,null,null,null,null,null,0.43055555555555419,{"$f":"J632+1/1440","v":0.93055555555555403}]
[null,null,null,null,null,null,null,null,0.43124999999999863,0.93124999999999847]
[null,null,null,null,null,null,null,null,0.43194444444444308,0.93194444444444291]
[null,null,null,null,null,null,null,null,0.43263888888888752,0.93263888888888735]
[null,null,null,null,null,null,null,null,0.43333333333333196,0.93333333333333179]
[null,null,null,null,null,null,null,null,0.4340277777777764,0.93402777777777624]
[null,null,null,null,null,null,null,null,0.43472222222222084,0.93472222222222068]
[null,null,null,null,null,null,null,null,0.43541666666666529,0.93541666666666512]
[null,null,null,null,null,null,null,null,0.43611111111110973,0.93611111111110956]
[null,null,null,null,null,null,null,null,0.43680555555555417,0.936805555555554]
[null,null,null,null,null,null,null,null,0.43749999999999861,0.93749999999999845]
[null,null,null,null,null,null,null,null,0.43819444444444305,0.93819444444444289]
[null,null,null,null,null,null,null,null,0.4388888888888875,0.93888888888888733]
[null,null,null,null,null,null,null,null,0.43958333333333194,0.93958333333333177]
[null,null,null,null,null,null,null,null,0.44027777777777638,0.94027777777777621]
[null,null,null,null,null,null,null,null,0.44097222222222082,0.94097222222222066]
[null,null,null,null,null,null,null,null,0.44166666666666526,0.9416666666666651]
[null,null,null,null,null,null,null,null,0.44236111111110971,0.94236111111110954]
[null,null,null,null,null,null,null,null,0.44305555555555415,0.94305555555555398]
[null,null,null,null,null,null,null,null,0.44374999999999859,0.94374999999999842]
[null,null,null,null,null,null,null,null,0.44444444444444303,0.94444444444444287]
[null,null,null,null,null,null,null,null,0.44513888888888747,0.94513888888888731]
[null,null,null,null,null,null,null,null,0.44583333333333192,0.94583333333333175]
[null,null,null,null,null,null,null,null,{"$f":"I655+1/1440","v":0.44652777777777636},0.94652777777777619]
[null,null,null,null,null,null,null,null,0.4472222222222208,0.94722222222222063]
[null,null,null,null,null,null,null,null,0.44791666666666524,0.94791666666666508]
[null,null,null,null,null,null,null,null,0.44861111111110968,0.94861111111110952]
[null,null,null,null,null,null,null,null,0.44930555555555413,0.94930555555555396]
[null,null,null,null,null,null,null,null,0.44999999999999857,0.9499999999999984]
[null,null,null,null,null,null,null,null,0.45069444444444301,0.95069444444444284]
[null,null,null,null,null,null,null,null,0.45138888888888745,0.95138888888888729]
[null,null,null,null,null,null,null,null,0.45208333333333189,0.95208333333333173]
[null,null,null,null,null,null,null,null,0.45277777777777634,0.95277777777777617]
[null,null,null,null,null,null,null,null,0.45347222222222078,0.95347222222222061]
[null,null,null,null,null,null,null,null,0.45416666666666522,0.95416666666666505]
[null,null,null,null,null,null,null,null,0.45486111111110966,0.9548611111111095]
[null,null,null,null,null,null,null,null,0.4555555555555541,0.95555555555555394]
[null,null,null,null,null,null,null,null,0.45624999999999855,0.95624999999999838]
[null,null,null,null,null,null,null,null,0.45694444444444299,0.95694444444444282]
[null,null,null,null,null,null,null,null,0.45763888888888743,0.95763888888888726]
[null,null,null,null,null,null,null,null,0.45833333333333187,0.95833333333333171]
[null,null,null,null,null,null,null,null,0.45902777777777631,0.95902777777777615]
[null,null,null,null,null,null,null,null,0.45972222222222076,0.95972222222222059]
[null,null,null,null,null,null,null,null,0.4604166666666652,0.96041666666666503]
[null,null,null,null,null,null,null,null,0.46111111111110964,0.96111111111110947]
[null,null,null,null,null,null,null,null,0.46180555555555408,0.96180555555555391]
[null,null,null,null,null,null,null,null,0.46249999999999852,0.96249999999999836]
[null,null,null,null,null,null,null,null,0.46319444444444297,0.9631944444444428]
[null,null,null,null,null,null,null,null,0.46388888888888741,0.96388888888888724]
[null,null,null,null,null,null,null,null,0.46458333333333185,0.96458333333333168]
[null,null,null,null,null,null,null,null,0.46527777777777629,0.96527777777777612]
[null,null,null,null,null,null,null,null,0.46597222222222073,0.96597222222222057]
[null,null,null,null,null,null,null,null,0.46666666666666518,0.96666666666666501]
[null,null,null,null,null,null,null,null,0.46736111111110962,0.96736111111110945]
[null,null,null,null,null,null,null,null,0.46805555555555406,0.96805555555555389]
[null,null,null,null,null,null,null,null,0.4687499999999985,0.96874999999999833]
[null,null,null,null,null,null,null,null,0.46944444444444294,0.96944444444444278]
[null,null,null,null,null,null,null,null,0.47013888888888739,0.97013888888888722]
[null,null,null,null,null,null,null,null,0.47083333333333183,0.97083333333333166]
[null,null,null,null,null,null,null,null,0.47152777777777627,0.9715277777777761]
[null,null,null,null,null,null,null,null,0.47222222222222071,0.97222222222222054]
[null,null,null,null,null,null,null,null,0.47291666666666515,0.97291666666666499]
[null,null,null,null,null,null,null,null,0.4736111111111096,0.97361111111110943]
[null,null,null,null,null,null,null,null,0.47430555555555404,0.97430555555555387]
[null,null,null,null,null,null,null,null,0.47499999999999848,{"$f":"J696+1/1440","v":0.97499999999999831}]
[null,null,null,null,null,null,null,null,0.47569444444444292,0.97569444444444275]
[null,null,null,null,null,null,null,null,0.47638888888888736,0.9763888888888872]
[null,null,null,null,null,null,null,null,0.4770833333333318,0.97708333333333164]
[null,null,null,null,null,null,null,null,0.47777777777777625,0.97777777777777608]
[null,null,null,null,null,null,null,null,0.47847222222222069,0.97847222222222052]
[null,null,null,null,null,null,null,null,0.47916666666666513,0.97916666666666496]
[null,null,null,null,null,null,null,null,0.47986111111110957,0.97986111111110941]
[null,null,null,null,null,null,null,null,0.48055555555555401,0.98055555555555385]
[null,null,null,null,null,null,null,null,0.48124999999999846,0.98124999999999829]
[null,null,null,null,null,null,null,null,0.4819444444444429,0.98194444444444273]
[null,null,null,null,null,null,null,null,0.48263888888888734,0.98263888888888717]
[null,null,null,null,null,null,null,null,0.48333333333333178,0.98333333333333162]
[null,null,null,null,null,null,null,null,0.48402777777777622,0.98402777777777606]
[null,null,null,null,null,null,null,null,0.48472222222222067,0.9847222222222205]
[null,null,null,null,null,null,null,null,0.48541666666666511,0.98541666666666494]
[null,null,null,null,null,null,null,null,0.48611111111110955,0.98611111111110938]
[null,null,null,null,null,null,null,null,0.48680555555555399,0.98680555555555383]
[null,null,null,null,null,null,null,null,0.48749999999999843,0.98749999999999827]
[null,null,null,null,null,null,null,null,0.48819444444444288,0.98819444444444271]
[null,null,null,null,null,null,null,null,0.48888888888888732,0.98888888888888715]
[null,null,null,null,null,null,null,null,0.48958333333333176,0.98958333333333159]
[null,null,null,null,null,null,null,null,0.4902777777777762,0.99027777777777604]
[null,null,null,null,null,null,null,null,{"$f":"I719+1/1440","v":0.49097222222222064},0.99097222222222048]
[null,null,null,null,null,null,null,null,0.49166666666666509,0.99166666666666492]
[null,null,null,null,null,null,null,null,0.49236111111110953,0.99236111111110936]
[null,null,null,null,null,null,null,null,0.49305555555555397,0.9930555555555538]
[null,null,null,null,null,null,null,null,0.49374999999999841,0.99374999999999825]
[null,null,null,null,null,null,null,null,0.49444444444444285,0.99444444444444269]
[null,null,null,null,null,null,null,null,0.4951388888888873,0.99513888888888713]
[null,null,null,null,null,null,null,null,0.49583333333333174,0.99583333333333157]
[null,null,null,null,null,null,null,null,0.49652777777777618,0.99652777777777601]
[null,null,null,null,null,null,null,null,0.49722222222222062,0.99722222222222046]
[null,null,null,null,null,null,null,null,0.49791666666666506,0.9979166666666649]
[null,null,null,null,null,null,null,null,0.49861111111110951,0.99861111111110934]
[null,null,null,null,null,null,null,null,0.49930555555555395,0.99930555555555378]
[null,null,null,null,null,null,null,null,0.49999999999999839]
[null,null,null,null,null,null,null,null,0.50069444444444289]
[null,null,null,null,null,null,null,null,0.50138888888888733]
[null,null,null,null,null,null,null,null,0.50208333333333177]
[null,null,null,null,null,null,null,null,0.50277777777777621]
[null,null,null,null,null,null,null,null,0.50347222222222066]
[null,null,null,null,null,null,null,null,0.5041666666666651]
[null,null,null,null,null,null,null,null,0.50486111111110954]
[null,null,null,null,null,null,null,null,0.50555555555555398]
[null,null,null,null,null,null,null,null,0.50624999999999842]
[null,null,null,null,null,null,null,null,0.50694444444444287]
[null,null,null,null,null,null,null,null,0.50763888888888731]
[null,null,null,null,null,null,null,null,0.50833333333333175]
[null,null,null,null,null,null,null,null,0.50902777777777619]
[null,null,null,null,null,null,null,null,0.50972222222222063]
[null,null,null,null,null,null,null,null,0.51041666666666508]
[null,null,null,null,null,null,null,null,0.51111111111110952]
[null,null,null,null,null,null,null,null,0.51180555555555396]
[null,null,null,null,null,null,null,null,0.5124999999999984]
[null,null,null,null,null,null,null,null,0.51319444444444284]
[null,null,null,null,null,null,null,null,0.51388888888888729]
[null,null,null,null,null,null,null,null,0.51458333333333173]
[null,null,null,null,null,null,null,null,0.51527777777777617]
[null,null,null,null,null,null,null,null,0.51597222222222061]
[null,null,null,null,null,null,null,null,0.51666666666666505]
[null,null,null,null,null,null,null,null,0.5173611111111095]
[null,null,null,null,null,null,null,null,0.51805555555555394]
[null,null,null,null,null,null,null,null,0.51874999999999838]
[null,null,null,null,null,null,null,null,0.51944444444444282]
[null,null,null,null,null,null,null,null,0.52013888888888726]
[null,null,null,null,null,null,null,null,0.52083333333333171]
[null,null,null,null,null,null,null,null,0.52152777777777615]
[null,null,null,null,null,null,null,null,0.52222222222222059]
[null,null,null,null,null,null,null,null,0.52291666666666503]
[null,null,null,null,null,null,null,null,0.52361111111110947]
[null,null,null,null,null,null,null,null,0.52430555555555391]
[null,null,null,null,null,null,null,null,0.52499999999999836]
[null,null,null,null,null,null,null,null,0.5256944444444428]
[null,null,null,null,null,null,null,null,0.52638888888888724]
[null,null,null,null,null,null,null,null,0.52708333333333168]
[null,null,null,null,null,null,null,null,0.52777777777777612]
[null,null,null,null,null,null,null,null,0.52847222222222057]
[null,null,null,null,null,null,null,null,0.52916666666666501]
[null,null,null,null,null,null,null,null,0.52986111111110945]
[null,null,null,null,null,null,null,null,0.53055555555555389]
[null,null,null,null,null,null,null,null,0.53124999999999833]
[null,null,null,null,null,null,null,null,0.53194444444444278]
[null,null,null,null,null,null,null,null,0.53263888888888722]
[null,null,null,null,null,null,null,null,0.53333333333333166]
[null,null,null,null,null,null,null,null,0.5340277777777761]
[null,null,null,null,null,null,null,null,0.53472222222222054]
[null,null,null,null,null,null,null,null,{"$f":"I783+1/1440","v":0.53541666666666499}]
[null,null,null,null,null,null,null,null,0.53611111111110943]
[null,null,null,null,null,null,null,null,0.53680555555555387]
[null,null,null,null,null,null,null,null,0.53749999999999831]
[null,null,null,null,null,null,null,null,0.53819444444444275]
[null,null,null,null,null,null,null,null,0.5388888888888872]
[null,null,null,null,null,null,null,null,0.53958333333333164]
[null,null,null,null,null,null,null,null,0.54027777777777608]
[null,null,null,null,null,null,null,null,0.54097222222222052]
[null,null,null,null,null,null,null,null,0.54166666666666496]
[null,null,null,null,null,null,null,null,0.54236111111110941]
[null,null,null,null,null,null,null,null,0.54305555555555385]
[null,null,null,null,null,null,null,null,0.54374999999999829]
[null,null,null,null,null,null,null,null,0.54444444444444273]
[null,null,null,null,null,null,null,null,0.54513888888888717]
[null,null,null,null,null,null,null,null,0.54583333333333162]
[null,null,null,null,null,null,null,null,0.54652777777777606]
[null,null,null,null,null,null,null,null,0.5472222222222205]
[null,null,null,null,null,null,null,null,0.54791666666666494]
[null,null,null,null,null,null,null,null,0.54861111111110938]
[null,null,null,null,null,null,null,null,0.54930555555555383]
[null,null,null,null,null,null,null,null,0.54999999999999827]
[null,null,null,null,null,null,null,null,0.55069444444444271]
[null,null,null,null,null,null,null,null,0.55138888888888715]
[null,null,null,null,null,null,null,null,0.55208333333333159]
[null,null,null,null,null,null,null,null,0.55277777777777604]
[null,null,null,null,null,null,null,null,0.55347222222222048]
[null,null,null,null,null,null,null,null,0.55416666666666492]
[null,null,null,null,null,null,null,null,0.55486111111110936]
[null,null,null,null,null,null,null,null,0.5555555555555538]
[null,null,null,null,null,null,null,null,0.55624999999999825]
[null,null,null,null,null,null,null,null,0.55694444444444269]
[null,null,null,null,null,null,null,null,0.55763888888888713]
[null,null,null,null,null,null,null,null,0.55833333333333157]
[null,null,null,null,null,null,null,null,0.55902777777777601]
[null,null,null,null,null,null,null,null,0.55972222222222046]
[null,null,null,null,null,null,null,null,0.5604166666666649]
[null,null,null,null,null,null,null,null,0.56111111111110934]
[null,null,null,null,null,null,null,null,0.56180555555555378]
[null,null,null,null,null,null,null,null,0.56249999999999822]
[null,null,null,null,null,null,null,null,0.56319444444444267]
[null,null,null,null,null,null,null,null,0.56388888888888711]
[null,null,null,null,null,null,null,null,0.56458333333333155]
[null,null,null,null,null,null,null,null,0.56527777777777599]
[null,null,null,null,null,null,null,null,0.56597222222222043]
[null,null,null,null,null,null,null,null,0.56666666666666488]
[null,null,null,null,null,null,null,null,0.56736111111110932]
[null,null,null,null,null,null,null,null,0.56805555555555376]
[null,null,null,null,null,null,null,null,0.5687499999999982]
[null,null,null,null,null,null,null,null,0.56944444444444264]
[null,null,null,null,null,null,null,null,0.57013888888888709]
[null,null,null,null,null,null,null,null,0.57083333333333153]
[null,null,null,null,null,null,null,null,0.57152777777777597]
[null,null,null,null,null,null,null,null,0.57222222222222041]
[null,null,null,null,null,null,null,null,0.57291666666666485]
[null,null,null,null,null,null,null,null,0.5736111111111093]
[null,null,null,null,null,null,null,null,0.57430555555555374]
[null,null,null,null,null,null,null,null,0.57499999999999818]
[null,null,null,null,null,null,null,null,0.57569444444444262]
[null,null,null,null,null,null,null,null,0.57638888888888706]
[null,null,null,null,null,null,null,null,0.57708333333333151]
[null,null,null,null,null,null,null,null,0.57777777777777595]
[null,null,null,null,null,null,null,null,0.57847222222222039]
[null,null,null,null,null,null,null,null,0.57916666666666483]
[null,null,null,null,null,null,null,null,{"$f":"I847+1/1440","v":0.57986111111110927}]
[null,null,null,null,null,null,null,null,0.58055555555555372]
[null,null,null,null,null,null,null,null,0.58124999999999816]
[null,null,null,null,null,null,null,null,0.5819444444444426]
[null,null,null,null,null,null,null,null,0.58263888888888704]
[null,null,null,null,null,null,null,null,0.58333333333333148]

{"sheet":"Instructions","index":3,"n_rows":17,"n_cols":4,"rows_kept":17,"cut":false,"hidden":false,"merged":[[0,2,2,9],[8,3,8,7],[9,3,9,7],[10,3,10,7],[11,3,11,7],[16,3,16,7],[12,3,12,7],[13,3,13,7],[14,3,14,7],[15,3,15,7]]}
[null,null,"Calcul heures de travail - Instructions"]
[]
[]
[]
[null,"La saisie de donnée se fait dans l'onglet \"Calcul heures travail\""]
[null,"L'onglet \"Synthèse annuelle heures\" est une synthèse globale des heures de travail de tous les employés durant l'année"]
[null,"Un onglet masqué \"Liste\" est disponible pour mettre à jour les listes déroulantes (si besoin)"]
[]
[null,null,"Etape","Description"]
[null,null,1,"Renseigner le nom de l'entreprise"]
[null,null,2,"Renseigner le nom de l'employé"]
[null,null,3,"Renseigner l'année et le mois souhaité. Les numéros de semaine, les jours de la semaine, les jours fériés et week-end s'affichent automatiquement"]
[null,null,4,"Renseigner le nombre d'heures que l'employé doit effectuer par semaine (Heures dues par semaine) et le nombre de jours que l'employé doit travailler par semaine"]
[null,null,5,"Les nombres d'heures que l'employé doit effectuer par jour et par mois se calculent automatiquement"]
[null,null,6,"Compléter les heures d'arrivée et de d'épart de l'employée ou son type d'absence à l'aide de la liste déroulante"]
[null,null,7,"Lorsque vous avez terminée la saisie des données, cliquer sur le bouton \"ENREGISTRER ET REINITIALISER\" (en haut à droite) puis sur \"Oui\". La synthèse des heures est enregistrée dans l'onglet \"Synthèse annuelle heures\". "]
[null,null,8,"Si vous souhaitez apporter une dernière modification après avoir cliquer sur le bouton \"ENREGISTRER ET REINITIALISER\", cliquer sur \"Non\" puis sur \"OK\" dans la fenêtre qui apparaîtra"]